Last updated on 2016-01-17 22:46:44.
Flavor | Version | Tinstall | Tcheck | Ttotal | Status | Flags |
---|---|---|---|---|---|---|
r-devel-linux-x86_64-debian-gcc | 1.0 | 1.60 | 29.36 | 30.96 | NOTE | |
r-devel-linux-x86_64-fedora-clang | 1.0 | 61.06 | NOTE | |||
r-devel-linux-x86_64-fedora-gcc | 1.0 | 57.73 | NOTE | |||
r-devel-osx-x86_64-clang | 1.0 | 69.98 | NOTE | |||
r-devel-windows-ix86+x86_64 | 1.0 | 6.00 | 52.00 | 58.00 | NOTE | |
r-patched-linux-x86_64 | 1.0 | 1.61 | 32.69 | 34.30 | NOTE | |
r-patched-solaris-sparc | 1.0 | 419.20 | NOTE | |||
r-patched-solaris-x86 | 1.0 | 78.10 | NOTE | |||
r-release-linux-x86_64 | 1.0 | 1.87 | 33.22 | 35.08 | NOTE | |
r-release-osx-x86_64-mavericks | 1.0 | NOTE | ||||
r-release-windows-ix86+x86_64 | 1.0 | 7.00 | 52.00 | 59.00 | NOTE | |
r-oldrel-windows-ix86+x86_64 | 1.0 | 11.00 | 69.00 | 80.00 | OK |
Version: 1.0
Check: DESCRIPTION meta-information
Result: NOTE
Malformed Title field: should not end in a period.
Flavors: r-devel-linux-x86_64-debian-gcc, r-devel-linux-x86_64-fedora-clang, r-devel-linux-x86_64-fedora-gcc, r-devel-osx-x86_64-clang, r-devel-windows-ix86+x86_64, r-patched-linux-x86_64, r-patched-solaris-sparc, r-patched-solaris-x86, r-release-linux-x86_64, r-release-osx-x86_64-mavericks, r-release-windows-ix86+x86_64
Version: 1.0
Check: top-level files
Result: NOTE
Non-standard file/directory found at top level:
‘LDOD.Rproj’
Flavors: r-devel-linux-x86_64-debian-gcc, r-devel-linux-x86_64-fedora-clang, r-devel-linux-x86_64-fedora-gcc, r-patched-linux-x86_64, r-release-linux-x86_64
Version: 1.0
Check: R code for possible problems
Result: NOTE
multistart : <anonymous>: no visible global function definition for
‘runif’
plot.FreD.x: no visible global function definition for ‘modifyList’
plot.FreD.x: no visible global function definition for ‘abline’
plot.FreD.x: no visible global function definition for ‘points’
Undefined global functions or variables:
abline modifyList points runif
Consider adding
importFrom("graphics", "abline", "points")
importFrom("stats", "runif")
importFrom("utils", "modifyList")
to your NAMESPACE.
Flavors: r-devel-linux-x86_64-debian-gcc, r-devel-linux-x86_64-fedora-clang, r-devel-linux-x86_64-fedora-gcc, r-devel-windows-ix86+x86_64