Last updated on 2016-01-17 22:46:54.
Flavor | Version | Tinstall | Tcheck | Ttotal | Status | Flags |
---|---|---|---|---|---|---|
r-devel-linux-x86_64-debian-gcc | 0.941 | 0.64 | 9.48 | 10.13 | NOTE | |
r-devel-linux-x86_64-fedora-clang | 0.941 | 17.99 | NOTE | |||
r-devel-linux-x86_64-fedora-gcc | 0.941 | 16.86 | NOTE | |||
r-devel-osx-x86_64-clang | 0.941 | 21.95 | NOTE | |||
r-devel-windows-ix86+x86_64 | 0.941 | 5.00 | 20.00 | 25.00 | NOTE | |
r-patched-linux-x86_64 | 0.941 | 0.71 | 9.81 | 10.52 | NOTE | |
r-patched-solaris-sparc | 0.941 | 118.40 | NOTE | |||
r-patched-solaris-x86 | 0.941 | 27.10 | NOTE | |||
r-release-linux-x86_64 | 0.941 | 0.74 | 10.14 | 10.88 | NOTE | |
r-release-osx-x86_64-mavericks | 0.941 | NOTE | ||||
r-release-windows-ix86+x86_64 | 0.941 | 3.00 | 18.00 | 21.00 | NOTE | |
r-oldrel-windows-ix86+x86_64 | 0.941 | 4.00 | 18.00 | 22.00 | NOTE |
Version: 0.941
Check: DESCRIPTION meta-information
Result: NOTE
Malformed Description field: should contain one or more complete sentences.
Flavors: r-devel-linux-x86_64-debian-gcc, r-devel-linux-x86_64-fedora-clang, r-devel-linux-x86_64-fedora-gcc, r-devel-osx-x86_64-clang, r-devel-windows-ix86+x86_64, r-patched-linux-x86_64, r-patched-solaris-sparc, r-patched-solaris-x86, r-release-linux-x86_64, r-release-osx-x86_64-mavericks, r-release-windows-ix86+x86_64
Version: 0.941
Check: R code for possible problems
Result: NOTE
ci.length: no visible global function definition for ‘qexp’
detectable.bc: no visible global function definition for ‘uniroot’
detectable.f2: no visible global function definition for ‘uniroot’
detectable.ri: no visible global function definition for ‘uniroot’
nu: no visible global function definition for ‘pnorm’
nullinfo: no visible global function definition for ‘qnorm’
nullinfo: no visible global function definition for ‘dnorm’
optselection.bc: no visible global function definition for ‘optimize’
optselection.f2: no visible global function definition for ‘optimize’
optspacing.bc: no visible global function definition for ‘optim’
optspacing.bc: no visible global function definition for ‘optimize’
optspacing.f2: no visible global function definition for ‘optim’
optspacing.f2: no visible global function definition for ‘optimize’
powercalc.bc: no visible global function definition for ‘pchisq’
powercalc.f2: no visible global function definition for ‘pchisq’
samplesize.bc: no visible global function definition for ‘uniroot’
samplesize.f2: no visible global function definition for ‘uniroot’
samplesize.ri: no visible global function definition for ‘uniroot’
tailprob: no visible global function definition for ‘pchisq’
thresh: no visible global function definition for ‘uniroot’
Undefined global functions or variables:
dnorm optim optimize pchisq pnorm qexp qnorm uniroot
Consider adding
importFrom("stats", "dnorm", "optim", "optimize", "pchisq", "pnorm",
"qexp", "qnorm", "uniroot")
to your NAMESPACE.
Flavors: r-devel-linux-x86_64-debian-gcc, r-devel-linux-x86_64-fedora-clang, r-devel-linux-x86_64-fedora-gcc, r-devel-windows-ix86+x86_64
Version: 0.941
Check: R code for possible problems
Result: NOTE
tailprob: warning in pchisq(t, df, low = FALSE): partial argument match
of 'low' to 'lower.tail'
Flavors: r-devel-osx-x86_64-clang, r-patched-linux-x86_64, r-patched-solaris-sparc, r-patched-solaris-x86, r-release-linux-x86_64, r-release-osx-x86_64-mavericks, r-release-windows-ix86+x86_64, r-oldrel-windows-ix86+x86_64