Last updated on 2016-03-07 23:47:16.
Flavor | Version | Tinstall | Tcheck | Ttotal | Status | Flags |
---|---|---|---|---|---|---|
r-devel-linux-x86_64-debian-gcc | 0.10.0 | 3.86 | 53.06 | 56.92 | OK | |
r-devel-linux-x86_64-fedora-clang | 0.10.0 | 119.49 | OK | |||
r-devel-linux-x86_64-fedora-gcc | 0.10.0 | 113.67 | OK | |||
r-devel-osx-x86_64-clang | 0.10.0 | 122.00 | OK | |||
r-devel-windows-ix86+x86_64 | 0.10.0 | 16.00 | 125.00 | 141.00 | OK | |
r-patched-linux-x86_64 | 0.10.0 | 4.31 | 58.63 | 62.94 | OK | |
r-patched-solaris-sparc | 0.10.0 | 709.80 | OK | |||
r-patched-solaris-x86 | 0.10.0 | 161.00 | OK | |||
r-release-linux-x86_64 | 0.10.0 | 4.29 | 59.31 | 63.60 | OK | |
r-release-osx-x86_64-mavericks | 0.10.0 | OK | ||||
r-release-windows-ix86+x86_64 | 0.10.0 | 17.00 | 140.00 | 157.00 | OK | |
r-oldrel-windows-ix86+x86_64 | 0.10.0 | 30.00 | 148.00 | 178.00 | ERROR |
Version: 0.10.0
Check: examples
Result: ERROR
Running examples in 'ARTool-Ex.R' failed
The error most likely occurred in:
> ### Name: Higgins1990Table5
> ### Title: Split-plot Experiment Examining Effect of Moisture and
> ### Fertilizer on Dry Matter in Peat Pots
> ### Aliases: Higgins1990Table5
> ### Keywords: datasets
>
> ### ** Examples
>
>
> data(Higgins1990Table5)
>
> ## run aligned-rank transform and ANOVA on the data
> m <- art(DryMatter ~ Moisture*Fertilizer + (1|Tray), data=Higgins1990Table5)
> anova(m)
Error in cbind(do.call(cbind, SigmaG$G), X) :
number of rows of matrices must match (see arg 2)
Calls: anova ... vcovAdj -> vcovAdj.lmerMod -> vcovAdj16_internal -> cbind
Execution halted
Flavor: r-oldrel-windows-ix86+x86_64