Last updated on 2016-03-07 23:47:16.
Flavor | Version | Tinstall | Tcheck | Ttotal | Status | Flags |
---|---|---|---|---|---|---|
r-devel-linux-x86_64-debian-gcc | 1.2 | 2.60 | 39.08 | 41.68 | NOTE | |
r-devel-linux-x86_64-fedora-clang | 1.2 | 81.02 | NOTE | |||
r-devel-linux-x86_64-fedora-gcc | 1.2 | 76.78 | NOTE | |||
r-devel-osx-x86_64-clang | 1.2 | 81.29 | NOTE | |||
r-devel-windows-ix86+x86_64 | 1.2 | 10.00 | 73.00 | 83.00 | NOTE | |
r-patched-linux-x86_64 | 1.2 | 3.05 | 42.56 | 45.61 | OK | |
r-patched-solaris-sparc | 1.2 | 582.30 | OK | |||
r-patched-solaris-x86 | 1.2 | 111.00 | OK | |||
r-release-linux-x86_64 | 1.2 | 2.79 | 42.85 | 45.64 | OK | |
r-release-osx-x86_64-mavericks | 1.2 | OK | ||||
r-release-windows-ix86+x86_64 | 1.2 | 11.00 | 77.00 | 88.00 | OK | |
r-oldrel-windows-ix86+x86_64 | 1.2 | 18.00 | 92.00 | 110.00 | OK |
Version: 1.2
Check: R code for possible problems
Result: NOTE
LHSdesign: no visible global function definition for ‘qnorm’
LHSdesign: no visible global function definition for ‘qunif’
LHSdesign: no visible global function definition for ‘qt’
MCdesign: no visible global function definition for ‘rnorm’
MCdesign: no visible global function definition for ‘runif’
MCdesign: no visible global function definition for ‘rt’
Undefined global functions or variables:
qnorm qt qunif rnorm rt runif
Consider adding
importFrom("stats", "qnorm", "qt", "qunif", "rnorm", "rt", "runif")
to your NAMESPACE file.
Flavors: r-devel-linux-x86_64-debian-gcc, r-devel-linux-x86_64-fedora-clang, r-devel-linux-x86_64-fedora-gcc, r-devel-osx-x86_64-clang, r-devel-windows-ix86+x86_64