Last updated on 2016-03-07 23:47:17.
Flavor | Version | Tinstall | Tcheck | Ttotal | Status | Flags |
---|---|---|---|---|---|---|
r-devel-linux-x86_64-debian-gcc | 1.60.0-1 | 14.80 | 50.30 | 65.10 | NOTE | |
r-devel-linux-x86_64-fedora-clang | 1.60.0-1 | 49.60 | NOTE | |||
r-devel-linux-x86_64-fedora-gcc | 1.60.0-1 | 49.73 | NOTE | |||
r-devel-osx-x86_64-clang | 1.60.0-1 | 155.92 | NOTE | |||
r-devel-windows-ix86+x86_64 | 1.60.0-1 | 300.00 | 24.00 | 324.00 | NOTE | |
r-patched-linux-x86_64 | 1.60.0-1 | 13.83 | 50.42 | 64.24 | NOTE | |
r-patched-solaris-sparc | 1.60.0-1 | 582.70 | NOTE | |||
r-patched-solaris-x86 | 1.60.0-1 | 121.00 | NOTE | |||
r-release-linux-x86_64 | 1.60.0-1 | 14.80 | 50.27 | 65.07 | NOTE | |
r-release-osx-x86_64-mavericks | 1.60.0-1 | NOTE | ||||
r-release-windows-ix86+x86_64 | 1.60.0-1 | 110.00 | 23.00 | 133.00 | NOTE | |
r-oldrel-windows-ix86+x86_64 | 1.60.0-1 | 92.00 | 23.00 | 115.00 | NOTE |
Version: 1.60.0-1
Check: installed package size
Result: NOTE
installed size is 122.0Mb
sub-directories of 1Mb or more:
include 121.9Mb
Flavors: r-devel-linux-x86_64-debian-gcc, r-devel-linux-x86_64-fedora-clang, r-devel-linux-x86_64-fedora-gcc, r-devel-osx-x86_64-clang, r-devel-windows-ix86+x86_64, r-patched-linux-x86_64, r-patched-solaris-sparc, r-patched-solaris-x86, r-release-linux-x86_64, r-release-osx-x86_64-mavericks, r-release-windows-ix86+x86_64, r-oldrel-windows-ix86+x86_64