CRAN Package Check Results for Package BayesFactor

Last updated on 2016-03-07 23:47:17.

Flavor Version Tinstall Tcheck Ttotal Status Flags
r-devel-linux-x86_64-debian-gcc 0.9.12-2 78.65 132.91 211.57 NOTE
r-devel-linux-x86_64-fedora-clang 0.9.12-2 496.77 NOTE
r-devel-linux-x86_64-fedora-gcc 0.9.12-2 436.32 NOTE
r-devel-osx-x86_64-clang 0.9.12-2 402.17 OK
r-devel-windows-ix86+x86_64 0.9.12-2 355.00 357.00 712.00 NOTE
r-patched-linux-x86_64 0.9.12-2 80.84 143.74 224.58 NOTE
r-patched-solaris-sparc 0.9.12-2 3223.10 OK
r-patched-solaris-x86 0.9.12-2 521.10 OK
r-release-linux-x86_64 0.9.12-2 79.71 145.48 225.18 NOTE
r-release-osx-x86_64-mavericks 0.9.12-2 NOTE
r-release-windows-ix86+x86_64 0.9.12-2 353.00 366.00 719.00 NOTE
r-oldrel-windows-ix86+x86_64 0.9.12-2 351.00 429.00 780.00 NOTE

Check Details

Version: 0.9.12-2
Check: installed package size
Result: NOTE
     installed size is 14.6Mb
     sub-directories of 1Mb or more:
     doc 1.7Mb
     libs 12.3Mb
Flavors: r-devel-linux-x86_64-debian-gcc, r-devel-linux-x86_64-fedora-clang, r-devel-linux-x86_64-fedora-gcc, r-patched-linux-x86_64, r-release-linux-x86_64, r-release-osx-x86_64-mavericks

Version: 0.9.12-2
Check: package dependencies
Result: NOTE
    Package suggested but not available for checking: 'doMC'
Flavors: r-devel-windows-ix86+x86_64, r-release-windows-ix86+x86_64, r-oldrel-windows-ix86+x86_64