CRAN Package Check Results for Package BayesianAnimalTracker

Last updated on 2016-03-07 23:47:17.

Flavor Version Tinstall Tcheck Ttotal Status Flags
r-devel-linux-x86_64-debian-gcc 1.2 1.52 21.56 23.08 NOTE
r-devel-linux-x86_64-fedora-clang 1.2 43.82 NOTE
r-devel-linux-x86_64-fedora-gcc 1.2 42.59 NOTE
r-devel-osx-x86_64-clang 1.2 47.96 NOTE
r-devel-windows-ix86+x86_64 1.2 6.00 47.00 53.00 NOTE
r-patched-linux-x86_64 1.2 1.78 23.93 25.72 OK
r-patched-solaris-sparc 1.2 297.80 OK
r-patched-solaris-x86 1.2 59.00 OK
r-release-linux-x86_64 1.2 1.68 23.94 25.61 OK
r-release-osx-x86_64-mavericks 1.2 OK
r-release-windows-ix86+x86_64 1.2 8.00 48.00 56.00 OK
r-oldrel-windows-ix86+x86_64 1.2 12.00 62.00 74.00 OK

Check Details

Version: 1.2
Check: R code for possible problems
Result: NOTE
    BMAnimalTrack: no visible global function definition for ‘nlm’
    BMAnimalTrack: no visible global function definition for ‘qnorm’
    dataSim: no visible global function definition for ‘rnorm’
    rBBridge: no visible global function definition for ‘rnorm’
    rBMotion: no visible global function definition for ‘rnorm’
    Undefined global functions or variables:
     nlm qnorm rnorm
    Consider adding
     importFrom("stats", "nlm", "qnorm", "rnorm")
    to your NAMESPACE file.
Flavors: r-devel-linux-x86_64-debian-gcc, r-devel-linux-x86_64-fedora-clang, r-devel-linux-x86_64-fedora-gcc, r-devel-osx-x86_64-clang, r-devel-windows-ix86+x86_64