Last updated on 2016-03-07 23:47:19.
Flavor | Version | Tinstall | Tcheck | Ttotal | Status | Flags |
---|---|---|---|---|---|---|
r-devel-linux-x86_64-debian-gcc | 1.4.4 | 4.23 | 34.92 | 39.15 | NOTE | |
r-devel-linux-x86_64-fedora-clang | 1.4.4 | 77.87 | NOTE | |||
r-devel-linux-x86_64-fedora-gcc | 1.4.4 | 73.65 | NOTE | |||
r-devel-osx-x86_64-clang | 1.4.4 | 80.73 | NOTE | |||
r-devel-windows-ix86+x86_64 | 1.4.4 | 23.00 | 93.00 | 116.00 | NOTE | |
r-patched-linux-x86_64 | 1.4.4 | 4.41 | 39.04 | 43.45 | NOTE | |
r-patched-solaris-sparc | 1.4.4 | 506.70 | NOTE | |||
r-patched-solaris-x86 | 1.4.4 | 109.40 | NOTE | |||
r-release-linux-x86_64 | 1.4.4 | 4.36 | 39.19 | 43.55 | NOTE | |
r-release-osx-x86_64-mavericks | 1.4.4 | NOTE | ||||
r-release-windows-ix86+x86_64 | 1.4.4 | 20.00 | 93.00 | 113.00 | NOTE | |
r-oldrel-windows-ix86+x86_64 | 1.4.4 | 38.00 | 149.00 | 187.00 | NOTE |
Version: 1.4.4
Check: DESCRIPTION meta-information
Result: NOTE
Malformed Description field: should contain one or more complete sentences.
Flavors: r-devel-linux-x86_64-debian-gcc, r-devel-linux-x86_64-fedora-clang, r-devel-linux-x86_64-fedora-gcc, r-devel-osx-x86_64-clang, r-devel-windows-ix86+x86_64, r-patched-linux-x86_64, r-patched-solaris-sparc, r-patched-solaris-x86, r-release-linux-x86_64, r-release-osx-x86_64-mavericks, r-release-windows-ix86+x86_64
Version: 1.4.4
Check: dependencies in R code
Result: NOTE
Packages in Depends field not imported from:
‘rms’ ‘survival’
These packages need to be imported from (in the NAMESPACE file)
for when this namespace is loaded but not attached.
Flavors: r-devel-linux-x86_64-debian-gcc, r-devel-linux-x86_64-fedora-clang, r-devel-linux-x86_64-fedora-gcc, r-devel-osx-x86_64-clang, r-devel-windows-ix86+x86_64, r-patched-linux-x86_64, r-patched-solaris-sparc, r-patched-solaris-x86, r-release-linux-x86_64, r-release-osx-x86_64-mavericks, r-release-windows-ix86+x86_64, r-oldrel-windows-ix86+x86_64
Version: 1.4.4
Check: R code for possible problems
Result: NOTE
phcpe: no visible global function definition for ‘model.matrix’
phcpe: no visible global function definition for ‘sd’
phcpe2: no visible global function definition for ‘sd’
Undefined global functions or variables:
model.matrix sd
Consider adding
importFrom("stats", "model.matrix", "sd")
to your NAMESPACE file.
Flavors: r-devel-linux-x86_64-debian-gcc, r-devel-linux-x86_64-fedora-clang, r-devel-linux-x86_64-fedora-gcc, r-devel-osx-x86_64-clang, r-devel-windows-ix86+x86_64