Last updated on 2016-03-07 23:47:18.
Flavor | Version | Tinstall | Tcheck | Ttotal | Status | Flags |
---|---|---|---|---|---|---|
r-devel-linux-x86_64-debian-gcc | 0.2-4 | 0.84 | 14.10 | 14.94 | NOTE | |
r-devel-linux-x86_64-fedora-clang | 0.2-4 | 25.57 | NOTE | |||
r-devel-linux-x86_64-fedora-gcc | 0.2-4 | 23.87 | NOTE | |||
r-devel-osx-x86_64-clang | 0.2-4 | 30.04 | NOTE | |||
r-devel-windows-ix86+x86_64 | 0.2-4 | 9.00 | 33.00 | 42.00 | NOTE | |
r-patched-linux-x86_64 | 0.2-4 | 1.07 | 14.80 | 15.87 | NOTE | |
r-patched-solaris-sparc | 0.2-4 | 168.30 | NOTE | |||
r-patched-solaris-x86 | 0.2-4 | 38.30 | NOTE | |||
r-release-linux-x86_64 | 0.2-4 | 0.99 | 14.97 | 15.96 | NOTE | |
r-release-osx-x86_64-mavericks | 0.2-4 | NOTE | ||||
r-release-windows-ix86+x86_64 | 0.2-4 | 9.00 | 33.00 | 42.00 | NOTE | |
r-oldrel-windows-ix86+x86_64 | 0.2-4 | 7.00 | 40.00 | 47.00 | NOTE |
Version: 0.2-4
Check: top-level files
Result: NOTE
Non-standard files/directories found at top level:
‘COPYRIGHT’ ‘COPYRIGHT.original’ ‘CREDITS’
Copyright information should be in file inst/COPYRIGHTS
Flavors: r-devel-linux-x86_64-debian-gcc, r-devel-linux-x86_64-fedora-clang, r-devel-linux-x86_64-fedora-gcc, r-patched-linux-x86_64, r-release-linux-x86_64
Version: 0.2-4
Check: dependencies in R code
Result: NOTE
'library' or 'require' calls to packages already attached by Depends:
‘MASS’ ‘boot’
Please remove these calls from your code.
Flavors: r-devel-linux-x86_64-debian-gcc, r-devel-linux-x86_64-fedora-clang, r-devel-linux-x86_64-fedora-gcc, r-devel-osx-x86_64-clang, r-devel-windows-ix86+x86_64, r-patched-linux-x86_64, r-patched-solaris-sparc, r-patched-solaris-x86, r-release-linux-x86_64, r-release-osx-x86_64-mavericks, r-release-windows-ix86+x86_64, r-oldrel-windows-ix86+x86_64
Version: 0.2-4
Check: S3 generic/method consistency
Result: NOTE
Found the following apparent S3 methods exported but not registered:
plot.edf
See section ‘Registering S3 methods’ in the ‘Writing R Extensions’
manual.
Flavors: r-devel-linux-x86_64-debian-gcc, r-devel-linux-x86_64-fedora-clang, r-devel-linux-x86_64-fedora-gcc, r-devel-osx-x86_64-clang, r-patched-linux-x86_64, r-patched-solaris-sparc, r-patched-solaris-x86, r-release-linux-x86_64
Version: 0.2-4
Check: R code for possible problems
Result: NOTE
circ.cor: no visible global function definition for ‘pnorm’
circ.plot: no visible global function definition for ‘lines’
circ.plot: no visible global function definition for ‘text’
circ.plot: no visible global function definition for ‘points’
circ.reg: no visible global function definition for ‘lm’
circ.reg: no visible global function definition for ‘pchisq’
plot.edf: no visible global function definition for ‘plot’
pp.plot: no visible global function definition for ‘plot’
pp.plot: no visible global function definition for ‘abline’
rao.homogeneity: no visible binding for global variable ‘var’
rao.homogeneity: no visible global function definition for ‘var’
rao.homogeneity: no visible global function definition for ‘pchisq’
rao.homogeneity: no visible global function definition for ‘qchisq’
rao.spacing: no visible global function definition for ‘data’
rcard: no visible global function definition for ‘runif’
rmixedvm: no visible global function definition for ‘runif’
rose.diag: no visible global function definition for ‘lines’
rose.diag: no visible global function definition for ‘text’
rose.diag: no visible global function definition for ‘points’
rstable: no visible global function definition for ‘rcauchy’
rstable: no visible global function definition for ‘rnorm’
rstable: no visible global function definition for ‘runif’
rstable: no visible global function definition for ‘rexp’
rtri: no visible global function definition for ‘runif’
rvm: no visible global function definition for ‘runif’
rwrpcauchy: no visible global function definition for ‘runif’
rwrpcauchy: no visible global function definition for ‘rcauchy’
rwrpnorm: no visible global function definition for ‘runif’
rwrpnorm: no visible global function definition for ‘rnorm’
v0.test: no visible global function definition for ‘pnorm’
v0.test: no visible global function definition for ‘dnorm’
vm.bootstrap.ci: no visible global function definition for ‘quantile’
watson.two: no visible global function definition for ‘par’
Undefined global functions or variables:
abline data dnorm lines lm par pchisq plot pnorm points qchisq
quantile rcauchy rexp rnorm runif text var
Consider adding
importFrom("graphics", "abline", "lines", "par", "plot", "points",
"text")
importFrom("stats", "dnorm", "lm", "pchisq", "pnorm", "qchisq",
"quantile", "rcauchy", "rexp", "rnorm", "runif", "var")
importFrom("utils", "data")
to your NAMESPACE file.
Flavors: r-devel-linux-x86_64-debian-gcc, r-devel-linux-x86_64-fedora-clang, r-devel-linux-x86_64-fedora-gcc, r-devel-osx-x86_64-clang, r-devel-windows-ix86+x86_64