Last updated on 2016-03-07 23:47:20.
Flavor | Version | Tinstall | Tcheck | Ttotal | Status | Flags |
---|---|---|---|---|---|---|
r-devel-linux-x86_64-debian-gcc | 1.7 | 1.30 | 22.92 | 24.22 | NOTE | |
r-devel-linux-x86_64-fedora-clang | 1.7 | 43.13 | NOTE | |||
r-devel-linux-x86_64-fedora-gcc | 1.7 | 40.06 | NOTE | |||
r-devel-osx-x86_64-clang | 1.7 | 46.09 | NOTE | |||
r-devel-windows-ix86+x86_64 | 1.7 | 19.00 | 56.00 | 75.00 | NOTE | |
r-patched-linux-x86_64 | 1.7 | 1.33 | 25.38 | 26.71 | OK | |
r-patched-solaris-sparc | 1.7 | 282.70 | OK | |||
r-patched-solaris-x86 | 1.7 | 56.30 | OK | |||
r-release-linux-x86_64 | 1.7 | 1.38 | 25.88 | 27.27 | OK | |
r-release-osx-x86_64-mavericks | 1.7 | OK | ||||
r-release-windows-ix86+x86_64 | 1.7 | 17.00 | 107.00 | 124.00 | OK | |
r-oldrel-windows-ix86+x86_64 | 1.7 | 13.00 | 112.00 | 125.00 | OK |
Version: 1.7
Check: R code for possible problems
Result: NOTE
coverage: no visible global function definition for ‘dist’
discrepESE_LHS: no visible global function definition for ‘runif’
discrepSA_LHS: no visible global function definition for ‘rbinom’
discrepSA_LHS: no visible global function definition for ‘runif’
discrepancyC2_EP_ESE: no visible global function definition for ‘runif’
discrepancyL2_EP_ESE: no visible global function definition for ‘runif’
discrepancyW2_EP_ESE: no visible global function definition for ‘runif’
dmaxDesign: no visible global function definition for ‘runif’
dmaxDesign: no visible global function definition for ‘dist’
lhsDesign: no visible global function definition for ‘runif’
lhs_EP: no visible global function definition for ‘runif’
maximinESE_LHS: no visible global function definition for ‘runif’
maximinSA_LHS: no visible global function definition for ‘rbinom’
maximinSA_LHS: no visible global function definition for ‘runif’
mindist: no visible global function definition for ‘dist’
mstCriteria: no visible global function definition for ‘dist’
mstCriteria: no visible global function definition for ‘plot’
mstCriteria: no visible global function definition for ‘lines’
mstCriteria: no visible global function definition for ‘var’
phiP: no visible global function definition for ‘dist’
phiP_EP_ESE: no visible global function definition for ‘runif’
rss2d: no visible global function definition for ‘par’
rss2d: no visible global function definition for ‘plot’
rss2d: no visible global function definition for ‘lines’
rss2d: no visible global function definition for ‘abline’
rss2d: no visible global function definition for ‘points’
rss3d: no visible global function definition for ‘par’
straussDesign: no visible global function definition for ‘runif’
unif.test.quantile: no visible global function definition for ‘qnorm’
unif.test.quantile: no visible global function definition for
‘approxfun’
wspDesign: no visible global function definition for ‘dist’
Undefined global functions or variables:
abline approxfun dist lines par plot points qnorm rbinom runif var
Consider adding
importFrom("graphics", "abline", "lines", "par", "plot", "points")
importFrom("stats", "approxfun", "dist", "qnorm", "rbinom", "runif",
"var")
to your NAMESPACE file.
Flavors: r-devel-linux-x86_64-debian-gcc, r-devel-linux-x86_64-fedora-clang, r-devel-linux-x86_64-fedora-gcc, r-devel-osx-x86_64-clang, r-devel-windows-ix86+x86_64