Last updated on 2016-03-07 23:47:21.
Flavor | Version | Tinstall | Tcheck | Ttotal | Status | Flags |
---|---|---|---|---|---|---|
r-devel-linux-x86_64-debian-gcc | 0.8-10 | 1.22 | 27.87 | 29.09 | NOTE | |
r-devel-linux-x86_64-fedora-clang | 0.8-10 | 55.41 | NOTE | |||
r-devel-linux-x86_64-fedora-gcc | 0.8-10 | 51.93 | NOTE | |||
r-devel-osx-x86_64-clang | 0.8-10 | 59.56 | NOTE | |||
r-devel-windows-ix86+x86_64 | 0.8-10 | 6.00 | 54.00 | 60.00 | NOTE | |
r-patched-linux-x86_64 | 0.8-10 | 1.57 | 31.71 | 33.28 | OK | |
r-patched-solaris-sparc | 0.8-10 | 341.80 | OK | |||
r-patched-solaris-x86 | 0.8-10 | 79.00 | OK | |||
r-release-linux-x86_64 | 0.8-10 | 1.53 | 31.68 | 33.21 | OK | |
r-release-osx-x86_64-mavericks | 0.8-10 | OK | ||||
r-release-windows-ix86+x86_64 | 0.8-10 | 9.00 | 60.00 | 69.00 | OK | |
r-oldrel-windows-ix86+x86_64 | 0.8-10 | 17.00 | 90.00 | 107.00 | OK |
Version: 0.8-10
Check: R code for possible problems
Result: NOTE
.ccd.1.41: no visible global function definition for ‘rnorm’
.ccd.1.41: no visible global function definition for ‘formula’
.ccd.1.41: no visible global function definition for ‘coef’
.ccd.1.41: no visible global function definition for ‘runif’
.ccd.1.41 : <anonymous>: no visible global function definition for
‘as.formula’
.gen.des.old.way: no visible global function definition for ‘runif’
Dopt.augment: no visible global function definition for ‘rnorm’
Dopt.augment: no visible global function definition for ‘as.formula’
Dopt.augment: no visible global function definition for ‘model.matrix’
Dopt.design: no visible global function definition for ‘as.formula’
Dopt.design: no visible global function definition for ‘model.matrix’
Scalc: no visible global function definition for ‘dist’
bbd.design: no visible global function definition for ‘model.matrix’
ccd.augment: no visible global function definition for ‘as.formula’
ccd.augment: no visible global function definition for ‘model.matrix’
ccd.augment: no visible global function definition for ‘model.frame’
ccd.augment: no visible binding for global variable ‘na.pass’
generators.from.design: no visible global function definition for
‘formula’
generators.from.design : <anonymous>: no visible global function
definition for ‘as.formula’
lhs.design: no visible global function definition for ‘cor’
rsm.design: no visible global function definition for ‘as.formula’
rsmformula: no visible global function definition for ‘formula’
Undefined global functions or variables:
as.formula coef cor dist formula model.frame model.matrix na.pass
rnorm runif
Consider adding
importFrom("stats", "as.formula", "coef", "cor", "dist", "formula",
"model.frame", "model.matrix", "na.pass", "rnorm", "runif")
to your NAMESPACE file.
Flavors: r-devel-linux-x86_64-debian-gcc, r-devel-linux-x86_64-fedora-clang, r-devel-linux-x86_64-fedora-gcc, r-devel-osx-x86_64-clang, r-devel-windows-ix86+x86_64