CRAN Package Check Results for Package FastRCS

Last updated on 2016-03-07 23:47:22.

Flavor Version Tinstall Tcheck Ttotal Status Flags
r-devel-linux-x86_64-debian-gcc 0.0.7 14.52 12.57 27.09 NOTE
r-devel-linux-x86_64-fedora-clang 0.0.7 53.85 NOTE
r-devel-linux-x86_64-fedora-gcc 0.0.7 49.18 NOTE
r-devel-osx-x86_64-clang 0.0.7 50.57 OK
r-devel-windows-ix86+x86_64 0.0.7 40.00 61.00 101.00 OK
r-patched-linux-x86_64 0.0.7 14.87 12.95 27.82 NOTE
r-patched-solaris-sparc 0.0.7 332.80 OK
r-patched-solaris-x86 0.0.7 56.90 OK
r-release-linux-x86_64 0.0.7 14.90 12.85 27.74 NOTE
r-release-osx-x86_64-mavericks 0.0.7 NOTE
r-release-windows-ix86+x86_64 0.0.7 44.00 92.00 136.00 OK
r-oldrel-windows-ix86+x86_64 0.0.7 41.00 102.00 143.00 OK

Check Details

Version: 0.0.7
Check: installed package size
Result: NOTE
     installed size is 14.3Mb
     sub-directories of 1Mb or more:
     libs 14.2Mb
Flavors: r-devel-linux-x86_64-debian-gcc, r-devel-linux-x86_64-fedora-clang, r-devel-linux-x86_64-fedora-gcc, r-patched-linux-x86_64, r-release-linux-x86_64, r-release-osx-x86_64-mavericks