Last updated on 2016-03-07 23:47:22.
Flavor | Version | Tinstall | Tcheck | Ttotal | Status | Flags |
---|---|---|---|---|---|---|
r-devel-linux-x86_64-debian-gcc | 2.0.7 | 1.80 | 20.44 | 22.24 | OK | |
r-devel-linux-x86_64-fedora-clang | 2.0.7 | 40.54 | OK | |||
r-devel-linux-x86_64-fedora-gcc | 2.0.7 | 38.15 | OK | |||
r-devel-osx-x86_64-clang | 2.0.7 | 49.27 | OK | |||
r-devel-windows-ix86+x86_64 | 2.0.7 | 8.00 | 52.00 | 60.00 | OK | |
r-patched-linux-x86_64 | 2.0.7 | 1.99 | 22.41 | 24.40 | OK | |
r-patched-solaris-sparc | 2.0.7 | 268.60 | OK | |||
r-patched-solaris-x86 | 2.0.7 | 59.70 | OK | |||
r-release-linux-x86_64 | 2.0.7 | 1.82 | 21.94 | 23.76 | OK | |
r-release-osx-x86_64-mavericks | 2.0.7 | OK | ||||
r-release-windows-ix86+x86_64 | 2.0.7 | 8.00 | 76.00 | 84.00 | OK | |
r-oldrel-windows-ix86+x86_64 | 1.1.0 | 36.00 | 167.00 | 203.00 | WARN |
Version: 1.1.0
Check: whether package can be installed
Result: WARN
Found the following significant warnings:
Warning: replacing previous import by 'igraph::union' when loading 'FedData'
Flavor: r-oldrel-windows-ix86+x86_64