Last updated on 2016-03-07 23:47:25.
Flavor | Version | Tinstall | Tcheck | Ttotal | Status | Flags |
---|---|---|---|---|---|---|
r-devel-linux-x86_64-debian-gcc | 1.2.1 | 6.08 | 20.43 | 26.51 | NOTE | |
r-devel-linux-x86_64-fedora-clang | 1.2.1 | 53.96 | NOTE | |||
r-devel-linux-x86_64-fedora-gcc | 1.2.1 | 48.40 | NOTE | |||
r-devel-osx-x86_64-clang | 1.2.1 | 51.68 | NOTE | |||
r-devel-windows-ix86+x86_64 | 1.2.1 | 43.00 | 64.00 | 107.00 | NOTE | |
r-patched-linux-x86_64 | 1.2.1 | 6.22 | 22.19 | 28.41 | OK | |
r-patched-solaris-sparc | 1.2.1 | 857.10 | OK | |||
r-patched-solaris-x86 | 1.2.1 | 67.30 | OK | |||
r-release-linux-x86_64 | 1.2.1 | 6.23 | 21.90 | 28.14 | OK | |
r-release-osx-x86_64-mavericks | 1.2.1 | OK | ||||
r-release-windows-ix86+x86_64 | 1.2.1 | 43.00 | 81.00 | 124.00 | OK | |
r-oldrel-windows-ix86+x86_64 | 1.2.1 | 35.00 | 82.00 | 117.00 | OK |
Version: 1.2.1
Check: R code for possible problems
Result: NOTE
calcConditional: no visible global function definition for ‘uniroot’
calcConditional: no visible global function definition for ‘integrate’
drawLocal: no visible global function definition for ‘rbeta’
generate.Guilds: no visible global function definition for ‘rbeta’
generate.ZSM: no visible global function definition for ‘runif’
getPX: no visible global function definition for ‘integrate’
logLikelihood.Guilds: no visible global function definition for
‘flush.console’
logLikelihood.Guilds.Conditional: no visible global function definition
for ‘flush.console’
logLikguilds: no visible global function definition for ‘uniroot’
logLikguilds: no visible global function definition for ‘integrate’
logLikguilds: no visible global function definition for ‘flush.console’
pm_sad: no visible global function definition for ‘optimize’
pm_sad: no visible global function definition for ‘uniroot’
pm_sad: no visible global function definition for ‘integrate’
simplex: no visible global function definition for ‘flush.console’
Undefined global functions or variables:
flush.console integrate optimize rbeta runif uniroot
Consider adding
importFrom("stats", "integrate", "optimize", "rbeta", "runif",
"uniroot")
importFrom("utils", "flush.console")
to your NAMESPACE file.
Flavors: r-devel-linux-x86_64-debian-gcc, r-devel-linux-x86_64-fedora-clang, r-devel-linux-x86_64-fedora-gcc, r-devel-osx-x86_64-clang, r-devel-windows-ix86+x86_64