CRAN Package Check Results for Package HarmonicRegression

Last updated on 2016-03-07 23:47:25.

Flavor Version Tinstall Tcheck Ttotal Status Flags
r-devel-linux-x86_64-debian-gcc 1.0 0.60 11.33 11.93 NOTE
r-devel-linux-x86_64-fedora-clang 1.0 20.32 NOTE
r-devel-linux-x86_64-fedora-gcc 1.0 18.59 NOTE
r-devel-osx-x86_64-clang 1.0 24.51 NOTE
r-devel-windows-ix86+x86_64 1.0 6.00 28.00 34.00 NOTE
r-patched-linux-x86_64 1.0 0.64 11.72 12.35 OK
r-patched-solaris-sparc 1.0 127.60 OK
r-patched-solaris-x86 1.0 29.70 OK
r-release-linux-x86_64 1.0 0.70 12.23 12.93 OK
r-release-osx-x86_64-mavericks 1.0 OK
r-release-windows-ix86+x86_64 1.0 6.00 36.00 42.00 OK
r-oldrel-windows-ix86+x86_64 1.0 6.00 36.00 42.00 OK

Check Details

Version: 1.0
Check: R code for possible problems
Result: NOTE
    fit.one.harmonic: no visible global function definition for ‘var’
    fit.one.harmonic: no visible global function definition for ‘lm’
    fit.one.harmonic: no visible binding for global variable ‘na.exclude’
    fit.one.harmonic: no visible global function definition for ‘fitted’
    fit.one.harmonic: no visible global function definition for ‘coef’
    fit.one.harmonic: no visible global function definition for ‘residuals’
    fit.one.harmonic.trend: no visible global function definition for ‘lm’
    fit.one.harmonic.trend: no visible binding for global variable
     ‘na.exclude’
    fit.one.harmonic.trend: no visible global function definition for
     ‘fitted’
    fit.one.harmonic.trend: no visible global function definition for
     ‘coef’
    fit.one.harmonic.trend: no visible global function definition for
     ‘residuals’
    harmonic.f.test: no visible global function definition for ‘pf’
    harmonic.regression.matrix: no visible global function definition for
     ‘lm’
    harmonic.regression.matrix: no visible global function definition for
     ‘fitted’
    harmonic.regression.matrix: no visible global function definition for
     ‘coef’
    harmonic.regression.matrix: no visible binding for global variable
     ‘var’
    harmonic.regression.matrix: no visible global function definition for
     ‘residuals’
    harmonic.regression.matrix: no visible global function definition for
     ‘p.adjust’
    harmonic.regression.matrix.trend: no visible global function definition
     for ‘lm’
    harmonic.regression.matrix.trend: no visible global function definition
     for ‘fitted’
    harmonic.regression.matrix.trend: no visible global function definition
     for ‘coef’
    harmonic.regression.matrix.trend: no visible global function definition
     for ‘residuals’
    harmonic.regression.matrix.trend: no visible global function definition
     for ‘p.adjust’
    harmonic.regression.nas: no visible global function definition for
     ‘p.adjust’
    harmonic.regression.nas.trend: no visible global function definition
     for ‘p.adjust’
    normalize.one.ts: no visible global function definition for ‘lm’
    normalize.one.ts: no visible binding for global variable ‘na.exclude’
    normalize.one.ts: no visible global function definition for ‘fitted’
    normalize.one.ts: no visible global function definition for ‘coef’
    normalize.ts.matrix: no visible global function definition for ‘lm’
    normalize.ts.matrix: no visible global function definition for ‘fitted’
    normalize.ts.matrix: no visible global function definition for ‘coef’
    Undefined global functions or variables:
     coef fitted lm na.exclude p.adjust pf residuals var
    Consider adding
     importFrom("stats", "coef", "fitted", "lm", "na.exclude", "p.adjust",
     "pf", "residuals", "var")
    to your NAMESPACE file.
Flavors: r-devel-linux-x86_64-debian-gcc, r-devel-linux-x86_64-fedora-clang, r-devel-linux-x86_64-fedora-gcc, r-devel-osx-x86_64-clang, r-devel-windows-ix86+x86_64