CRAN Package Check Results for Package IDPSurvival

Last updated on 2016-03-07 23:47:26.

Flavor Version Tinstall Tcheck Ttotal Status Flags
r-devel-linux-x86_64-debian-gcc 1.0 0.68 54.36 55.03 NOTE
r-devel-linux-x86_64-fedora-clang 1.0 105.58 NOTE
r-devel-linux-x86_64-fedora-gcc 1.0 98.98 NOTE
r-devel-osx-x86_64-clang 1.0 111.75 NOTE
r-devel-windows-ix86+x86_64 1.0 6.00 128.00 134.00 NOTE
r-patched-linux-x86_64 1.0 0.85 97.14 97.99 OK
r-patched-solaris-sparc 1.0 758.50 OK --no-build-vignettes
r-patched-solaris-x86 1.0 322.00 OK
r-release-linux-x86_64 1.0 0.83 97.99 98.81 OK
r-release-osx-x86_64-mavericks 1.0 OK
r-release-windows-ix86+x86_64 1.0 5.00 192.00 197.00 OK
r-oldrel-windows-ix86+x86_64 1.0 8.00 177.00 185.00 OK

Check Details

Version: 1.0
Check: R code for possible problems
Result: NOTE
    .isurvdiff.test: no visible global function definition for
     ‘type.convert’
    .isurvdiff.test: no visible global function definition for ‘rnorm’
    .isurvdiff.test: no visible global function definition for ‘density’
    .isurvdiff.test: no visible global function definition for ‘rgb’
    .isurvdiff.test: no visible global function definition for ‘plot’
    .isurvdiff.test: no visible global function definition for ‘grid’
    .isurvdiff.test: no visible global function definition for ‘axis’
    .isurvdiff.test: no visible global function definition for ‘box’
    .isurvdiff.test: no visible global function definition for ‘lines’
    .isurvdiff.test: no visible global function definition for ‘polygon’
    .isurvdiff.test: no visible global function definition for ‘legend’
    .isurvdiff.test: no visible global function definition for ‘par’
    .isurvdiff.test: no visible global function definition for ‘text’
    .isurvfit.default: no visible global function definition for
     ‘type.convert’
    .isurvfit.default: no visible global function definition for ‘var’
    .isurvfit.default: no visible binding for global variable ‘var’
    .isurvfit.default: no visible global function definition for ‘qnorm’
    isurvdiff: no visible global function definition for ‘terms’
    isurvdiff: no visible global function definition for ‘model.extract’
    isurvfit: no visible global function definition for ‘terms’
    isurvfit: no visible global function definition for ‘model.extract’
    isurvfit: no visible global function definition for ‘plot’
    plot.isurvfit: no visible global function definition for ‘lines’
    Undefined global functions or variables:
     axis box density grid legend lines model.extract par plot polygon
     qnorm rgb rnorm terms text type.convert var
    Consider adding
     importFrom("grDevices", "rgb")
     importFrom("graphics", "axis", "box", "grid", "legend", "lines", "par",
     "plot", "polygon", "text")
     importFrom("stats", "density", "model.extract", "qnorm", "rnorm",
     "terms", "var")
     importFrom("utils", "type.convert")
    to your NAMESPACE file.
Flavors: r-devel-linux-x86_64-debian-gcc, r-devel-linux-x86_64-fedora-clang, r-devel-linux-x86_64-fedora-gcc, r-devel-osx-x86_64-clang, r-devel-windows-ix86+x86_64