Last updated on 2016-03-07 23:47:29.
Flavor | Version | Tinstall | Tcheck | Ttotal | Status | Flags |
---|---|---|---|---|---|---|
r-devel-linux-x86_64-debian-gcc | 2.22.1 | 16.79 | 67.22 | 84.01 | OK | |
r-devel-linux-x86_64-fedora-clang | 2.22.1 | 174.56 | OK | |||
r-devel-linux-x86_64-fedora-gcc | 2.22.1 | 160.11 | OK | |||
r-devel-osx-x86_64-clang | 2.22.1 | 156.27 | OK | |||
r-devel-windows-ix86+x86_64 | 2.22.1 | 148.00 | 126.00 | 274.00 | OK | |
r-patched-linux-x86_64 | 2.22.1 | 16.76 | 71.51 | 88.27 | OK | |
r-patched-solaris-sparc | 2.22.1 | 930.50 | OK | |||
r-patched-solaris-x86 | 2.22.1 | 237.50 | OK | |||
r-release-linux-x86_64 | 2.22.1 | 16.87 | 70.44 | 87.31 | OK | |
r-release-osx-x86_64-mavericks | 2.22.1 | OK | ||||
r-release-windows-ix86+x86_64 | 2.22.1 | 185.00 | 227.00 | 412.00 | OK | |
r-oldrel-windows-ix86+x86_64 | 2.22.1 | 138.00 | 251.00 | 389.00 | NOTE |
Version: 2.22.1
Check: re-building of vignette outputs
Result: NOTE
Error in re-building vignettes:
...
msfonts/cmextra/cmex7.pfb><D:/Compiler/texmf/fonts/type1/public/amsfonts/cm/cmm
i10.pfb><D:/Compiler/texmf/fonts/type1/public/amsfonts/cm/cmmi5.pfb><D:/Compile
r/texmf/fonts/type1/public/amsfonts/cm/cmmi7.pfb><D:/Compiler/texmf/fonts/type1
/public/amsfonts/cm/cmmi8.pfb><D:/Compiler/texmf/fonts/type1/public/amsfonts/cm
/cmmib10.pfb><D:/Compiler/texmf/fonts/type1/public/amsfonts/cm/cmr10.pfb><D:/Co
mpiler/texmf/fonts/type1/public/amsfonts/cm/cmr12.pfb><D:/Compiler/texmf/fonts/
type1/public/amsfonts/cm/cmr5.pfb><D:/Compiler/texmf/fonts/type1/public/amsfont
s/cm/cmr6.pfb><D:/Compiler/texmf/fonts/type1/public/amsfonts/cm/cmr7.pfb><D:/Co
mpiler/texmf/fonts/type1/public/amsfonts/cm/cmr8.pfb><D:/Compiler/texmf/fonts/t
ype1/public/amsfonts/cm/cmsl10.pfb><D:/Compiler/texmf/fonts/type1/public/amsfon
ts/cm/cmsltt10.pfb><D:/Compiler/texmf/fonts/type1/public/amsfonts/cm/cmsy10.pfb
><D:/Compiler/texmf/fonts/type1/public/amsfonts/cm/cmsy5.pfb><D:/Compiler/texmf
/fonts/type1/public/amsfonts/cm/cmsy6.pfb><D:/Compiler/texmf/fonts/type1/public
/amsfonts/cm/cmsy7.pfb><D:/Compiler/texmf/fonts/type1/public/amsfonts/cm/cmsy8.
pfb><D:/Compiler/texmf/fonts/type1/public/amsfonts/cm/cmti10.pfb><D:/Compiler/t
exmf/fonts/type1/public/amsfonts/cm/cmtt10.pfb><D:/Compiler/texmf/fonts/type1/p
ublic/amsfonts/cm/cmtt12.pfb><D:/Compiler/texmf/fonts/type1/public/amsfonts/cm/
cmtt8.pfb><D:/Compiler/texmf/fonts/type1/public/cm-super/sftt1000.pfb>
Output written on CourseNotes.pdf (139 pages, 2877522 bytes).
Transcript written on CourseNotes.log.
Warning: running command '"pdflatex" -interaction=nonstopmode "CourseNotes.tex"' had status 1
Error in texi2dvi(file = file, pdf = TRUE, clean = clean, quiet = quiet, :
unable to run 'pdflatex' on 'CourseNotes.tex'
Calls: buildVignettes -> texi2pdf -> texi2dvi
Execution halted
Flavor: r-oldrel-windows-ix86+x86_64