CRAN Package Check Results for Package MSeasyTkGUI

Last updated on 2016-03-07 23:47:30.

Flavor Version Tinstall Tcheck Ttotal Status Flags
r-devel-linux-x86_64-debian-gcc 5.3.3 5.91 53.11 59.02 NOTE
r-devel-linux-x86_64-fedora-clang 5.3.3 115.60 NOTE
r-devel-linux-x86_64-fedora-gcc 5.3.3 108.42 NOTE
r-devel-osx-x86_64-clang 5.3.3 119.40 NOTE
r-devel-windows-ix86+x86_64 5.3.3 21.00 86.00 107.00 NOTE
r-patched-linux-x86_64 5.3.3 0.38 1.58 1.96 ERROR
r-release-linux-x86_64 5.3.3 0.35 1.57 1.92 ERROR
r-release-osx-x86_64-mavericks 5.3.3 ERROR
r-release-windows-ix86+x86_64 5.3.3 30.00 101.00 131.00 NOTE
r-oldrel-windows-ix86+x86_64 5.3.3 33.00 175.00 208.00 NOTE

Check Details

Version: 5.3.3
Check: DESCRIPTION meta-information
Result: NOTE
    Malformed Description field: should contain one or more complete sentences.
Flavors: r-devel-linux-x86_64-debian-gcc, r-devel-linux-x86_64-fedora-clang, r-devel-linux-x86_64-fedora-gcc, r-devel-osx-x86_64-clang, r-devel-windows-ix86+x86_64, r-release-windows-ix86+x86_64

Version: 5.3.3
Check: dependencies in R code
Result: NOTE
    'library' or 'require' calls to packages already attached by Depends:
     ‘MSeasy’ ‘tcltk’
     Please remove these calls from your code.
    'library' or 'require' calls in package code:
     ‘grDevices’ ‘xcms’
     Please use :: or requireNamespace() instead.
     See section 'Suggested packages' in the 'Writing R Extensions' manual.
Flavors: r-devel-linux-x86_64-debian-gcc, r-devel-linux-x86_64-fedora-clang, r-devel-linux-x86_64-fedora-gcc, r-devel-osx-x86_64-clang, r-devel-windows-ix86+x86_64, r-release-windows-ix86+x86_64, r-oldrel-windows-ix86+x86_64

Version: 5.3.3
Check: R code for possible problems
Result: NOTE
    MSeasyTkGUI : <anonymous>: no visible global function definition for
     ‘help’
    choosepackage: no visible global function definition for ‘data’
    choosepackage : <anonymous>: no visible global function definition for
     ‘help’
    dialog.MS.DataCreation.ASCII : <anonymous>: no visible global function
     definition for ‘help’
    dialog.MS.DataCreation.Agilent: no visible global function definition
     for ‘download.file’
    dialog.MS.DataCreation.Agilent: no visible global function definition
     for ‘unzip’
    dialog.MS.DataCreation.Agilent : <anonymous>: no visible global
     function definition for ‘help’
    dialog.MS.DataCreation.CDF: no visible global function definition for
     ‘download.file’
    dialog.MS.DataCreation.CDF: no visible global function definition for
     ‘unzip’
    dialog.MS.DataCreation.CDF : <anonymous>: no visible global function
     definition for ‘help’
    dialog.MS.DataCreation.user : <anonymous>: no visible global function
     definition for ‘help’
    dialog.MS.aristo : <anonymous>: no visible global function definition
     for ‘help’
    dialog.MS.clust: no visible binding for global variable
     ‘Agilent_quantF_MSclust’
    dialog.MS.clust : <anonymous>: no visible global function definition
     for ‘help’
    dialog.MS.demon : <anonymous>: no visible global function definition
     for ‘help’
    dialog.MS.msp : <anonymous>: no visible global function definition for
     ‘help’
    dialog.MS.nist : <anonymous>: no visible global function definition for
     ‘help’
    dialog.MS.step1 : <anonymous>: no visible global function definition
     for ‘help’
    dialog.MS.step2 : <anonymous>: no visible global function definition
     for ‘help’
    dialog.MS.step3 : <anonymous>: no visible global function definition
     for ‘help’
    dialog.MS.test.clust: no visible binding for global variable
     ‘Data_testclust’
    dialog.MS.test.clust : <anonymous>: no visible global function
     definition for ‘help’
    Undefined global functions or variables:
     Agilent_quantF_MSclust Data_testclust data download.file help unzip
    Consider adding
     importFrom("utils", "data", "download.file", "help", "unzip")
    to your NAMESPACE file.
    
    Found the following calls to attach():
    File ‘MSeasyTkGUI/R/MSeasyTkGUI.R’:
     attach(what = NULL, name = "e1")
    See section ‘Good practice’ in ‘?attach’.
Flavor: r-devel-linux-x86_64-debian-gcc

Version: 5.3.3
Check: R code for possible problems
Result: NOTE
    MSeasyTkGUI : <anonymous>: no visible global function definition for
     ‘help’
    choosepackage: no visible global function definition for ‘data’
    choosepackage : <anonymous>: no visible global function definition for
     ‘help’
    dialog.MS.DataCreation.ASCII : <anonymous>: no visible global function
     definition for ‘help’
    dialog.MS.DataCreation.Agilent: no visible global function definition
     for ‘download.file’
    dialog.MS.DataCreation.Agilent: no visible global function definition
     for ‘unzip’
    dialog.MS.DataCreation.Agilent : <anonymous>: no visible global
     function definition for ‘help’
    dialog.MS.DataCreation.CDF: no visible global function definition for
     ‘download.file’
    dialog.MS.DataCreation.CDF: no visible global function definition for
     ‘unzip’
    dialog.MS.DataCreation.CDF : <anonymous>: no visible global function
     definition for ‘help’
    dialog.MS.DataCreation.user : <anonymous>: no visible global function
     definition for ‘help’
    dialog.MS.aristo : <anonymous>: no visible global function definition
     for ‘help’
    dialog.MS.clust: no visible binding for global variable
     ‘Agilent_quantF_MSclust’
    dialog.MS.clust : <anonymous>: no visible global function definition
     for ‘help’
    dialog.MS.demon : <anonymous>: no visible global function definition
     for ‘help’
    dialog.MS.msp : <anonymous>: no visible global function definition for
     ‘help’
    dialog.MS.nist : <anonymous>: no visible global function definition for
     ‘help’
    dialog.MS.step1 : <anonymous>: no visible global function definition
     for ‘help’
    dialog.MS.step2 : <anonymous>: no visible global function definition
     for ‘help’
    dialog.MS.step3 : <anonymous>: no visible global function definition
     for ‘help’
    dialog.MS.test.clust: no visible binding for global variable
     ‘Data_testclust’
    dialog.MS.test.clust : <anonymous>: no visible global function
     definition for ‘help’
    Undefined global functions or variables:
     Agilent_quantF_MSclust Data_testclust data download.file help unzip
    Consider adding
     importFrom("utils", "data", "download.file", "help", "unzip")
    to your NAMESPACE file.
Flavors: r-devel-linux-x86_64-fedora-clang, r-devel-linux-x86_64-fedora-gcc, r-devel-osx-x86_64-clang, r-devel-windows-ix86+x86_64

Version: 5.3.3
Check: package dependencies
Result: ERROR
    Package required but not available: ‘MSeasy’
    
    Package suggested but not available for checking: ‘xcms’
    
    See section ‘The DESCRIPTION file’ in the ‘Writing R Extensions’
    manual.
Flavors: r-patched-linux-x86_64, r-release-linux-x86_64, r-release-osx-x86_64-mavericks

Version: 5.3.3
Check: R code for possible problems
Result: NOTE
    dialog.MS.clust: no visible binding for global variable
     'Agilent_quantF_MSclust'
    dialog.MS.test.clust: no visible binding for global variable
     'Data_testclust'
Flavors: r-release-windows-ix86+x86_64, r-oldrel-windows-ix86+x86_64