Last updated on 2016-03-07 23:47:30.
Flavor | Version | Tinstall | Tcheck | Ttotal | Status | Flags |
---|---|---|---|---|---|---|
r-devel-linux-x86_64-debian-gcc | 1.15.6 | 7.16 | 84.04 | 91.20 | OK | |
r-devel-linux-x86_64-fedora-clang | 1.15.6 | 186.86 | OK | |||
r-devel-linux-x86_64-fedora-gcc | 1.15.6 | 166.11 | OK | |||
r-devel-osx-x86_64-clang | 1.15.6 | 186.06 | OK | |||
r-devel-windows-ix86+x86_64 | 1.15.6 | 22.00 | 147.00 | 169.00 | OK | |
r-patched-linux-x86_64 | 1.15.6 | 7.69 | 88.30 | 95.98 | OK | |
r-patched-solaris-sparc | 1.15.6 | 1129.80 | NOTE | |||
r-patched-solaris-x86 | 1.15.6 | 242.10 | NOTE | |||
r-release-linux-x86_64 | 1.15.6 | 7.22 | 87.83 | 95.05 | OK | |
r-release-osx-x86_64-mavericks | 1.15.6 | OK | ||||
r-release-windows-ix86+x86_64 | 1.15.6 | 26.00 | 187.00 | 213.00 | OK | |
r-oldrel-windows-ix86+x86_64 | 1.15.6 | 27.00 | 298.00 | 325.00 | OK |
Version: 1.15.6
Check: Rd cross-references
Result: NOTE
Package unavailable to check Rd xrefs: ‘RMark’
Flavors: r-patched-solaris-sparc, r-patched-solaris-x86