CRAN Package Check Results for Package NLP

Last updated on 2016-03-07 23:47:31.

Flavor Version Tinstall Tcheck Ttotal Status Flags
r-devel-linux-x86_64-debian-gcc 0.1-9 0.88 14.61 15.49 OK
r-devel-linux-x86_64-fedora-clang 0.1-9 28.07 OK
r-devel-linux-x86_64-fedora-gcc 0.1-9 23.88 OK
r-devel-osx-x86_64-clang 0.1-9 29.18 OK
r-devel-windows-ix86+x86_64 0.1-9 5.00 45.00 50.00 OK
r-patched-linux-x86_64 0.1-9 1.03 14.66 15.69 OK
r-patched-solaris-sparc 0.1-9 158.80 OK
r-patched-solaris-x86 0.1-9 37.10 OK
r-release-linux-x86_64 0.1-9 0.94 15.03 15.97 OK
r-release-osx-x86_64-mavericks 0.1-9 OK
r-release-windows-ix86+x86_64 0.1-9 7.00 36.00 43.00 OK
r-oldrel-windows-ix86+x86_64 0.1-9 5.00 34.00 39.00 WARN

Check Details

Version: 0.1-9
Check: S3 generic/method consistency
Result: WARN
    Warning: declared S3 method '.get_meta_if_attr' not found
    Warning: declared S3 method '.get_meta_if_attr' not found
    Warning: declared S3 method '.get_meta_if_attr' not found
    Warning: declared S3 method '.get_meta_if_slot' not found
    Warning: declared S3 method '.get_meta_if_slot' not found
    Warning: declared S3 method '.get_meta_if_slot' not found
    Warning: declared S3 method '.get_meta_if_slot' not found
    Warning: declared S3 method '.get_meta_if_attr' not found
    Warning: declared S3 method '.get_meta_if_attr' not found
    Warning: declared S3 method '.set_meta_if_attr' not found
    Warning: declared S3 method '.set_meta_if_attr' not found
    Warning: declared S3 method '.set_meta_if_attr' not found
    Warning: declared S3 method '.set_meta_if_slot' not found
    Warning: declared S3 method '.set_meta_if_slot' not found
    Warning: declared S3 method '.set_meta_if_slot' not found
    Warning: declared S3 method '.set_meta_if_slot' not found
    Warning: declared S3 method '.set_meta_if_attr' not found
    Warning: declared S3 method '.set_meta_if_attr' not found
    Warning: declared S3 method '.format_TextDocument' not found
    Warning: declared S3 method '.print_via_format' not found
    Warning: declared S3 method '.print_via_format' not found
    Warning: declared S3 method '.print_via_format' not found
    Warning: declared S3 method '.print_via_format' not found
    Warning: declared S3 method '.print_via_format' not found
    Warning: declared S3 method '.print_via_format' not found
    Warning: declared S3 method '.print_via_format' not found
    Warning: declared S3 method '.print_via_format' not found
    Warning: declared S3 method '.print_via_format' not found
    Warning: declared S3 method '.print_via_format' not found
    Warning: declared S3 method '.print_via_format' not found
    Warning: declared S3 method '.print_via_format' not found
    See section 'Generic functions and methods' in the 'Writing R
    Extensions' manual.
Flavor: r-oldrel-windows-ix86+x86_64