CRAN Package Check Results for Package NPCirc

Last updated on 2016-03-07 23:47:31.

Flavor Version Tinstall Tcheck Ttotal Status Flags
r-devel-linux-x86_64-debian-gcc 2.0.1 1.05 23.38 24.43 NOTE
r-devel-linux-x86_64-fedora-clang 2.0.1 46.68 NOTE
r-devel-linux-x86_64-fedora-gcc 2.0.1 42.37 NOTE
r-devel-osx-x86_64-clang 2.0.1 53.61 NOTE
r-devel-windows-ix86+x86_64 2.0.1 6.00 54.00 60.00 NOTE
r-patched-linux-x86_64 2.0.1 1.03 26.48 27.52 OK
r-patched-solaris-sparc 2.0.1 288.20 OK
r-patched-solaris-x86 2.0.1 60.00 OK
r-release-linux-x86_64 2.0.1 0.99 26.01 27.00 OK
r-release-osx-x86_64-mavericks 2.0.1 OK
r-release-windows-ix86+x86_64 2.0.1 8.00 66.00 74.00 OK
r-oldrel-windows-ix86+x86_64 2.0.1 8.00 117.00 125.00 OK

Check Details

Version: 2.0.1
Check: R code for possible problems
Result: NOTE
    RegLinCirc: no visible global function definition for ‘dnorm’
    bw.CV: no visible global function definition for ‘optimize’
    bw.boot: no visible global function definition for ‘optimize’
    bw.pi: no visible global function definition for ‘optimize’
    bw.reg.circ.circ: no visible global function definition for ‘optimize’
    bw.reg.circ.lin: no visible global function definition for ‘optimize’
    bw.reg.lin.circ: no visible global function definition for ‘optimize’
    bw.rt: no visible global function definition for ‘uniroot’
    circsizer.density : <anonymous>: no visible global function definition
     for ‘quantile’
    circsizer.map: no visible global function definition for ‘text’
    circsizer.map: no visible global function definition for ‘par’
    circsizer.map: no visible global function definition for
     ‘points.default’
    circsizer.map: no visible global function definition for ‘segments’
    circsizer.map: no visible global function definition for ‘hist.default’
    circsizer.regression : <anonymous>: no visible global function
     definition for ‘quantile’
    dwsn: no visible global function definition for ‘dnorm’
    dwsn: no visible global function definition for ‘pnorm’
    lines.regression.circular: no visible global function definition for
     ‘lines.default’
    lines.regression.circular: no visible global function definition for
     ‘points’
    plot.regression.circular: no visible global function definition for
     ‘plot.default’
    plot.regression.circular: no visible global function definition for
     ‘points’
    plot.regression.circular: no visible binding for global variable ‘dist’
    rcircmix: no visible global function definition for ‘runif’
    rwsn: no visible global function definition for ‘rnorm’
    Undefined global functions or variables:
     dist dnorm hist.default lines.default optimize par plot.default pnorm
     points points.default quantile rnorm runif segments text uniroot
    Consider adding
     importFrom("graphics", "hist.default", "lines.default", "par",
     "plot.default", "points", "points.default", "segments",
     "text")
     importFrom("stats", "dist", "dnorm", "optimize", "pnorm", "quantile",
     "rnorm", "runif", "uniroot")
    to your NAMESPACE file.
Flavors: r-devel-linux-x86_64-debian-gcc, r-devel-linux-x86_64-fedora-clang, r-devel-linux-x86_64-fedora-gcc, r-devel-osx-x86_64-clang, r-devel-windows-ix86+x86_64