Last updated on 2016-03-07 23:47:33.
Flavor | Version | Tinstall | Tcheck | Ttotal | Status | Flags |
---|---|---|---|---|---|---|
r-devel-linux-x86_64-debian-gcc | 3.1.3 | 30.87 | 35.04 | 65.90 | NOTE | |
r-devel-linux-x86_64-fedora-clang | 3.1.3 | 121.09 | NOTE | |||
r-devel-linux-x86_64-fedora-gcc | 3.1.3 | 111.29 | NOTE | |||
r-devel-osx-x86_64-clang | 3.1.3 | 99.93 | OK | |||
r-devel-windows-ix86+x86_64 | 3.1.3 | 114.00 | 80.00 | 194.00 | OK | |
r-patched-linux-x86_64 | 3.1.3 | 31.39 | 36.94 | 68.33 | NOTE | |
r-patched-solaris-sparc | 3.1.3 | 590.30 | OK | |||
r-patched-solaris-x86 | 3.1.3 | 124.40 | OK | |||
r-release-linux-x86_64 | 3.1.3 | 31.22 | 37.93 | 69.15 | NOTE | |
r-release-osx-x86_64-mavericks | 3.1.3 | NOTE | ||||
r-release-windows-ix86+x86_64 | 3.1.3 | 115.00 | 113.00 | 228.00 | OK | |
r-oldrel-windows-ix86+x86_64 | 3.1.3 | 117.00 | 197.00 | 314.00 | OK |
Version: 3.1.3
Check: installed package size
Result: NOTE
installed size is 12.3Mb
sub-directories of 1Mb or more:
libs 12.1Mb
Flavors: r-devel-linux-x86_64-debian-gcc, r-devel-linux-x86_64-fedora-clang, r-devel-linux-x86_64-fedora-gcc, r-patched-linux-x86_64, r-release-linux-x86_64, r-release-osx-x86_64-mavericks