CRAN Package Check Results for Package QualInt

Last updated on 2016-03-07 23:47:34.

Flavor Version Tinstall Tcheck Ttotal Status Flags
r-devel-linux-x86_64-debian-gcc 1.0.0 1.15 21.22 22.37 NOTE
r-devel-linux-x86_64-fedora-clang 1.0.0 42.11 NOTE
r-devel-linux-x86_64-fedora-gcc 1.0.0 38.35 NOTE
r-devel-osx-x86_64-clang 1.0.0 46.33 NOTE
r-devel-windows-ix86+x86_64 1.0.0 5.00 51.00 56.00 NOTE
r-patched-linux-x86_64 1.0.0 1.20 23.90 25.09 OK
r-patched-solaris-sparc 1.0.0 269.40 OK
r-patched-solaris-x86 1.0.0 62.10 OK
r-release-linux-x86_64 1.0.0 1.27 23.97 25.24 OK
r-release-osx-x86_64-mavericks 1.0.0 OK
r-release-windows-ix86+x86_64 1.0.0 5.00 72.00 77.00 OK
r-oldrel-windows-ix86+x86_64 1.0.0 10.00 143.00 153.00 OK

Check Details

Version: 1.0.0
Check: R code for possible problems
Result: NOTE
    alphaf: no visible global function definition for ‘pchisq’
    alphaf: no visible global function definition for ‘dbinom’
    conout: no visible global function definition for ‘sd’
    ibgaout: no visible global function definition for ‘qnorm’
    ibgaout: no visible global function definition for ‘pnorm’
    plot.qualint: no visible global function definition for ‘qnorm’
    powerval: no visible global function definition for ‘rnorm’
    powerval: no visible global function definition for ‘qnorm’
    powerval: no visible global function definition for ‘pnorm’
    print.expplot: no visible global function definition for ‘gray’
    print.expplot: no visible binding for global variable ‘coef’
    print.outplot: no visible global function definition for ‘gray’
    print.outplot: no visible binding for global variable ‘coef’
    qualint: no visible global function definition for ‘qnorm’
    qualint: no visible global function definition for ‘plot’
    qualval: no visible global function definition for ‘qnorm’
    qualval: no visible global function definition for ‘plot’
    surout: no visible global function definition for ‘tail’
    surout: no visible global function definition for ‘coef’
    Undefined global functions or variables:
     coef dbinom gray pchisq plot pnorm qnorm rnorm sd tail
    Consider adding
     importFrom("grDevices", "gray")
     importFrom("graphics", "plot")
     importFrom("stats", "coef", "dbinom", "pchisq", "pnorm", "qnorm",
     "rnorm", "sd")
     importFrom("utils", "tail")
    to your NAMESPACE file.
Flavors: r-devel-linux-x86_64-debian-gcc, r-devel-linux-x86_64-fedora-clang, r-devel-linux-x86_64-fedora-gcc, r-devel-osx-x86_64-clang, r-devel-windows-ix86+x86_64