Last updated on 2016-03-07 23:47:35.
Flavor | Version | Tinstall | Tcheck | Ttotal | Status | Flags |
---|---|---|---|---|---|---|
r-devel-linux-x86_64-debian-gcc | 1.95-4.8 | 7.26 | 49.62 | 56.88 | NOTE | |
r-devel-linux-x86_64-fedora-clang | 1.95-4.8 | 48.26 | NOTE | |||
r-devel-linux-x86_64-fedora-gcc | 1.95-4.8 | 45.58 | NOTE | |||
r-devel-osx-x86_64-clang | 1.95-4.8 | 85.24 | NOTE | |||
r-devel-windows-ix86+x86_64 | 1.95-4.8 | 41.00 | 128.00 | 169.00 | NOTE | |
r-patched-linux-x86_64 | 1.95-4.8 | 8.32 | 50.96 | 59.29 | NOTE | |
r-patched-solaris-sparc | 1.95-4.8 | 297.20 | NOTE | |||
r-patched-solaris-x86 | 1.95-4.8 | 61.40 | NOTE | |||
r-release-linux-x86_64 | 1.95-4.8 | 7.63 | 51.37 | 59.00 | NOTE | |
r-release-osx-x86_64-mavericks | 1.95-4.8 | NOTE | ||||
r-release-windows-ix86+x86_64 | 1.95-4.8 | 34.00 | 112.00 | 146.00 | NOTE | |
r-oldrel-windows-ix86+x86_64 | 1.95-4.8 | 49.00 | 132.00 | 181.00 | NOTE |
Version: 1.95-4.8
Check: DESCRIPTION meta-information
Result: NOTE
Deprecated license: BSD
Flavors: r-devel-linux-x86_64-debian-gcc, r-devel-linux-x86_64-fedora-clang, r-devel-linux-x86_64-fedora-gcc, r-devel-osx-x86_64-clang, r-patched-linux-x86_64, r-patched-solaris-sparc, r-patched-solaris-x86, r-release-linux-x86_64, r-release-osx-x86_64-mavericks
Version: 1.95-4.8
Check: top-level files
Result: NOTE
Non-standard files/directories found at top level:
‘Changes.html’ ‘CodeGeneration’ ‘README.windows’ ‘Todo.html’
‘dynGC.R’ ‘encoding.R’ ‘exampleCode’ ‘getURL.html’ ‘libcurlLicense’
‘post.R’ ‘postForm.html’
Flavors: r-devel-linux-x86_64-debian-gcc, r-devel-linux-x86_64-fedora-clang, r-devel-linux-x86_64-fedora-gcc, r-patched-linux-x86_64, r-release-linux-x86_64
Version: 1.95-4.8
Check: for GNU extensions in Makefiles
Result: NOTE
GNU make is a SystemRequirements.
Flavors: r-devel-linux-x86_64-debian-gcc, r-devel-linux-x86_64-fedora-clang, r-devel-linux-x86_64-fedora-gcc, r-devel-osx-x86_64-clang, r-devel-windows-ix86+x86_64, r-patched-linux-x86_64, r-patched-solaris-sparc, r-patched-solaris-x86, r-release-linux-x86_64, r-release-osx-x86_64-mavericks, r-release-windows-ix86+x86_64, r-oldrel-windows-ix86+x86_64
Version: 1.95-4.8
Check: package dependencies
Result: NOTE
Package suggested but not available for checking: ‘Rcompression’
Flavors: r-devel-linux-x86_64-fedora-clang, r-devel-linux-x86_64-fedora-gcc, r-devel-osx-x86_64-clang, r-devel-windows-ix86+x86_64, r-patched-solaris-sparc, r-patched-solaris-x86, r-release-osx-x86_64-mavericks, r-release-windows-ix86+x86_64, r-oldrel-windows-ix86+x86_64
Version: 1.95-4.8
Check: installed package size
Result: NOTE
installed size is 6.2Mb
sub-directories of 1Mb or more:
libs 4.4Mb
Flavors: r-devel-windows-ix86+x86_64, r-release-windows-ix86+x86_64, r-oldrel-windows-ix86+x86_64