CRAN Package Check Results for Package RNetCDF

Last updated on 2016-03-07 23:47:37.

Flavor Version Tinstall Tcheck Ttotal Status Flags
r-devel-linux-x86_64-debian-gcc 1.8-2 2.85 13.33 16.18 OK
r-devel-linux-x86_64-fedora-clang 1.8-2 25.03 OK
r-devel-linux-x86_64-fedora-gcc 1.8-2 23.71 OK
r-devel-osx-x86_64-clang 1.8-2 32.27 OK
r-devel-windows-ix86+x86_64 1.8-2 11.00 52.00 63.00 OK
r-patched-linux-x86_64 1.8-2 3.14 13.69 16.82 OK
r-patched-solaris-sparc 1.8-2 152.00 OK
r-patched-solaris-x86 1.8-2 37.00 OK
r-release-linux-x86_64 1.8-2 3.02 13.20 16.23 OK
r-release-osx-x86_64-mavericks 1.8-2 NOTE
r-release-windows-ix86+x86_64 1.8-2 12.00 41.00 53.00 OK
r-oldrel-windows-ix86+x86_64 1.8-2 9.00 44.00 53.00 OK

Check Details

Version: 1.8-2
Check: installed package size
Result: NOTE
     installed size is 6.3Mb
     sub-directories of 1Mb or more:
     libs 6.1Mb
Flavor: r-release-osx-x86_64-mavericks