CRAN Package Check Results for Package RNewsflow

Last updated on 2016-03-07 23:47:37.

Flavor Version Tinstall Tcheck Ttotal Status Flags
r-devel-linux-x86_64-debian-gcc 1.0 2.96 45.63 48.59 OK
r-devel-linux-x86_64-fedora-clang 1.0 94.73 OK
r-devel-linux-x86_64-fedora-gcc 1.0 91.01 OK
r-devel-osx-x86_64-clang 1.0 105.95 OK
r-devel-windows-ix86+x86_64 1.0 13.00 83.00 96.00 OK
r-patched-linux-x86_64 1.0 3.33 49.09 52.42 OK
r-patched-solaris-sparc 1.0 598.50 OK
r-patched-solaris-x86 1.0 139.40 OK
r-release-linux-x86_64 1.0 3.37 48.93 52.30 OK
r-release-osx-x86_64-mavericks 1.0 OK
r-release-windows-ix86+x86_64 1.0 14.00 110.00 124.00 OK
r-oldrel-windows-ix86+x86_64 1.0 22.00 116.00 138.00 ERROR

Check Details

Version: 1.0
Check: examples
Result: ERROR
    Running examples in 'RNewsflow-Ex.R' failed
    The error most likely occurred in:
    
    > ### Name: term.day.dist
    > ### Title: Calculate statistics for term occurence across days
    > ### Aliases: term.day.dist
    >
    > ### ** Examples
    >
    > data(dtm)
    > data(meta)
    >
    > tdd = term.day.dist(dtm, meta)
    Error in as.environment(where) : using 'as.environment(NULL)' is defunct
    Calls: term.day.dist ... <Anonymous> -> <Anonymous> -> .local -> callGeneric -> exists
    Execution halted
Flavor: r-oldrel-windows-ix86+x86_64