Last updated on 2016-03-07 23:47:37.
Flavor | Version | Tinstall | Tcheck | Ttotal | Status | Flags |
---|---|---|---|---|---|---|
r-devel-linux-x86_64-debian-gcc | 0.9.10 | 1.58 | 37.96 | 39.54 | OK | |
r-devel-linux-x86_64-fedora-clang | 0.9.10 | 70.64 | OK | |||
r-devel-linux-x86_64-fedora-gcc | 0.9.10 | 66.88 | OK | |||
r-devel-osx-x86_64-clang | 0.9.10 | 72.46 | OK | |||
r-devel-windows-ix86+x86_64 | 0.9.10 | 8.00 | 83.00 | 91.00 | OK | |
r-patched-linux-x86_64 | 0.9.10 | 2.02 | 40.85 | 42.87 | OK | |
r-patched-solaris-sparc | 0.9.10 | 417.60 | OK | |||
r-patched-solaris-x86 | 0.9.10 | 100.00 | OK | |||
r-release-linux-x86_64 | 0.9.10 | 2.04 | 40.20 | 42.24 | OK | |
r-release-osx-x86_64-mavericks | 0.9.10 | ERROR | ||||
r-release-windows-ix86+x86_64 | 0.9.10 | 9.00 | 95.00 | 104.00 | OK | |
r-oldrel-windows-ix86+x86_64 | 0.9.10 | 15.00 | 232.00 | 247.00 | OK |
Version: 0.9.10
Check: whether package can be installed
Result: ERROR
Installation failed.
Flavor: r-release-osx-x86_64-mavericks