Last updated on 2016-03-07 23:47:37.
Flavor | Version | Tinstall | Tcheck | Ttotal | Status | Flags |
---|---|---|---|---|---|---|
r-devel-linux-x86_64-debian-gcc | 1.4.2 | 5.28 | 54.84 | 60.12 | NOTE | |
r-devel-linux-x86_64-fedora-clang | 1.4.2 | 120.27 | NOTE | |||
r-devel-linux-x86_64-fedora-gcc | 1.4.2 | 114.10 | NOTE | |||
r-devel-osx-x86_64-clang | 1.4.2 | 122.20 | NOTE | |||
r-devel-windows-ix86+x86_64 | 1.4.2 | 32.00 | 148.00 | 180.00 | NOTE | |
r-patched-linux-x86_64 | 1.4.2 | 5.48 | 59.10 | 64.57 | OK | |
r-patched-solaris-sparc | 1.4.2 | 688.70 | OK | |||
r-patched-solaris-x86 | 1.4.2 | 169.10 | OK | |||
r-release-linux-x86_64 | 1.4.2 | 5.61 | 59.30 | 64.91 | OK | |
r-release-osx-x86_64-mavericks | 1.4.2 | OK | ||||
r-release-windows-ix86+x86_64 | 1.4.2 | 42.00 | 223.00 | 265.00 | OK | |
r-oldrel-windows-ix86+x86_64 | 1.4.2 | 46.00 | 488.00 | 534.00 | OK |
Version: 1.4.2
Check: R code for possible problems
Result: NOTE
classify_model: no visible global function definition for ‘predict’
cross_validate: no visible global function definition for ‘predict’
read_data: no visible global function definition for ‘read.csv’
read_data: no visible global function definition for ‘read.delim’
Undefined global functions or variables:
predict read.csv read.delim
Consider adding
importFrom("stats", "predict")
importFrom("utils", "read.csv", "read.delim")
to your NAMESPACE file.
Flavors: r-devel-linux-x86_64-debian-gcc, r-devel-linux-x86_64-fedora-clang, r-devel-linux-x86_64-fedora-gcc, r-devel-osx-x86_64-clang, r-devel-windows-ix86+x86_64