CRAN Package Check Results for Package RandomFields

Last updated on 2016-03-07 23:47:34.

Flavor Version Tinstall Tcheck Ttotal Status Flags
r-devel-linux-x86_64-debian-gcc 3.1.8 32.49 109.33 141.82 NOTE
r-devel-linux-x86_64-fedora-clang 3.1.8 277.85 NOTE
r-devel-linux-x86_64-fedora-gcc 3.1.8 259.89 NOTE
r-devel-osx-x86_64-clang 3.1.8 270.99 OK
r-devel-windows-ix86+x86_64 3.1.8 195.00 274.00 469.00 NOTE
r-patched-linux-x86_64 3.1.8 33.12 110.94 144.05 NOTE
r-patched-solaris-sparc 3.1.8 1480.90 OK
r-patched-solaris-x86 3.1.8 383.60 NOTE
r-release-linux-x86_64 3.1.8 33.33 113.60 146.94 NOTE
r-release-osx-x86_64-mavericks 3.1.8 NOTE
r-release-windows-ix86+x86_64 3.1.8 211.00 239.00 450.00 NOTE
r-oldrel-windows-ix86+x86_64 3.1.8 182.00 232.00 414.00 NOTE

Check Details

Version: 3.1.8
Check: installed package size
Result: NOTE
     installed size is 6.7Mb
     sub-directories of 1Mb or more:
     help 1.1Mb
     libs 4.1Mb
Flavors: r-devel-linux-x86_64-debian-gcc, r-devel-linux-x86_64-fedora-clang, r-devel-linux-x86_64-fedora-gcc, r-devel-windows-ix86+x86_64, r-patched-linux-x86_64, r-patched-solaris-x86, r-release-linux-x86_64, r-release-osx-x86_64-mavericks, r-release-windows-ix86+x86_64, r-oldrel-windows-ix86+x86_64

Version: 3.1.8
Check: R code for possible problems
Result: NOTE
    Found the following calls to attach():
    File ‘RandomFields/R/RFfit.R’:
     attach(data, name = name)
    See section ‘Good practice’ in ‘?attach’.
Flavors: r-devel-linux-x86_64-debian-gcc, r-patched-linux-x86_64, r-release-linux-x86_64

Version: 3.1.8
Check: dependencies in R code
Result: NOTE
    
     *** caught segfault ***
    address 0x998, cause 'memory not mapped'
    
    Traceback:
     1: structure(.External(.C_dotTclObjv, objv), class = "tclObj")
     2: .Tcl.objv(.Tcl.args.objv(...))
     3: tcl("load", file, "Rplot")
     4: doTryCatch(return(expr), name, parentenv, handler)
     5: tryCatchOne(expr, names, parentenv, handlers[[1L]])
     6: tryCatchList(expr, classes, parentenv, handlers)
     7: tryCatch(tcl("load", file, "Rplot"), error = function(e) warning("loading Rplot failed", call. = FALSE))
     8: fun(libname, pkgname)
     9: doTryCatch(return(expr), name, parentenv, handler)
    10: tryCatchOne(expr, names, parentenv, handlers[[1L]])
    11: tryCatchList(expr, classes, parentenv, handlers)
    12: tryCatch(fun(libname, pkgname), error = identity)
    13: runHook(".onLoad", env, package.lib, package)
    14: loadNamespace(p)
    15: withCallingHandlers(expr, message = function(c) invokeRestart("muffleMessage"))
    16: suppressMessages(loadNamespace(p))
    17: withCallingHandlers(expr, warning = function(w) invokeRestart("muffleWarning"))
    18: suppressWarnings(suppressMessages(loadNamespace(p)))
    19: doTryCatch(return(expr), name, parentenv, handler)
    20: tryCatchOne(expr, names, parentenv, handlers[[1L]])
    21: tryCatchList(expr, classes, parentenv, handlers)
    22: tryCatch(suppressWarnings(suppressMessages(loadNamespace(p))), error = function(e) e)
    23: tools:::.check_packages_used(package = "RandomFields")
    aborting ...
Flavor: r-release-osx-x86_64-mavericks