Last updated on 2016-03-07 23:47:35.
Flavor | Version | Tinstall | Tcheck | Ttotal | Status | Flags |
---|---|---|---|---|---|---|
r-devel-linux-x86_64-debian-gcc | 0.7.5 | 5.67 | 72.09 | 77.76 | OK | |
r-devel-linux-x86_64-fedora-clang | 0.7.5 | 141.27 | NOTE | |||
r-devel-linux-x86_64-fedora-gcc | 0.7.5 | 138.34 | NOTE | |||
r-devel-osx-x86_64-clang | 0.7.5 | 175.58 | NOTE | |||
r-devel-windows-ix86+x86_64 | 0.7.5 | 44.00 | 143.00 | 187.00 | NOTE | |
r-patched-linux-x86_64 | 0.7.5 | 6.36 | 81.06 | 87.41 | OK | |
r-patched-solaris-sparc | 0.7.5 | 933.20 | NOTE | |||
r-patched-solaris-x86 | 0.7.5 | 192.80 | NOTE | |||
r-release-linux-x86_64 | 0.7.5 | 5.91 | 79.24 | 85.15 | OK | |
r-release-osx-x86_64-mavericks | 0.7.5 | NOTE | ||||
r-release-windows-ix86+x86_64 | 0.7.5 | 47.00 | 190.00 | 237.00 | NOTE | |
r-oldrel-windows-ix86+x86_64 | 0.7.5 | 80.00 | 515.00 | 595.00 | NOTE |
Version: 0.7.5
Check: package dependencies
Result: NOTE
Package suggested but not available for checking: ‘ROpenOffice’
Flavors: r-devel-linux-x86_64-fedora-clang, r-devel-linux-x86_64-fedora-gcc, r-devel-osx-x86_64-clang, r-devel-windows-ix86+x86_64, r-patched-solaris-sparc, r-patched-solaris-x86, r-release-windows-ix86+x86_64, r-oldrel-windows-ix86+x86_64
Version: 0.7.5
Check: package dependencies
Result: NOTE
Packages suggested but not available for checking: ‘ROpenOffice’ ‘RODBC’
Flavor: r-release-osx-x86_64-mavericks