CRAN Package Check Results for Package Rsymphony

Last updated on 2016-03-07 23:47:37.

Flavor Version Tinstall Tcheck Ttotal Status Flags
r-devel-linux-x86_64-debian-gcc 0.1-21 1.21 8.36 9.57 OK
r-devel-linux-x86_64-fedora-clang 0.1-21 15.41 OK
r-devel-linux-x86_64-fedora-gcc 0.1-21 14.23 OK
r-devel-osx-x86_64-clang 0.1-21 19.17 OK
r-devel-windows-ix86+x86_64 0.1-21 12.00 71.00 83.00 NOTE
r-patched-linux-x86_64 0.1-21 1.22 9.25 10.47 OK
r-release-linux-x86_64 0.1-21 1.35 9.23 10.57 OK
r-release-osx-x86_64-mavericks 0.1-21 ERROR
r-release-windows-ix86+x86_64 0.1-21 9.00 46.00 55.00 NOTE
r-oldrel-windows-ix86+x86_64 0.1-21 12.00 64.00 76.00 NOTE

Memtest notes: gcc-ASAN

Check Details

Version: 0.1-21
Check: installed package size
Result: NOTE
     installed size is 8.6Mb
     sub-directories of 1Mb or more:
     libs 8.5Mb
Flavors: r-devel-windows-ix86+x86_64, r-release-windows-ix86+x86_64, r-oldrel-windows-ix86+x86_64

Version: 0.1-21
Check: whether package can be installed
Result: ERROR
    Installation failed.
Flavor: r-release-osx-x86_64-mavericks