Last updated on 2016-03-07 23:47:38.
Flavor | Version | Tinstall | Tcheck | Ttotal | Status | Flags |
---|---|---|---|---|---|---|
r-devel-linux-x86_64-debian-gcc | 0.13.1.2 | 178.32 | 19.80 | 198.12 | NOTE | |
r-devel-linux-x86_64-fedora-clang | 0.13.1.2 | 418.82 | NOTE | |||
r-devel-linux-x86_64-fedora-gcc | 0.13.1.2 | 417.63 | NOTE | |||
r-devel-osx-x86_64-clang | 0.13.1.2 | 187.53 | OK | |||
r-devel-windows-ix86+x86_64 | 0.13.1.2 | 624.00 | 68.00 | 692.00 | OK | |
r-patched-linux-x86_64 | 0.13.1.2 | 187.13 | 20.95 | 208.08 | NOTE | |
r-patched-solaris-sparc | 0.13.1.2 | 1749.50 | OK | |||
r-patched-solaris-x86 | 0.13.1.2 | 360.50 | OK | |||
r-release-linux-x86_64 | 0.13.1.2 | 177.34 | 20.85 | 198.19 | NOTE | |
r-release-osx-x86_64-mavericks | 0.13.1.2 | NOTE | ||||
r-release-windows-ix86+x86_64 | 0.13.1.2 | 666.00 | 88.00 | 754.00 | OK | |
r-oldrel-windows-ix86+x86_64 | 0.13.1.2 | 608.00 | 116.00 | 724.00 | OK |
Version: 0.13.1.2
Check: installed package size
Result: NOTE
installed size is 27.0Mb
sub-directories of 1Mb or more:
libs 26.3Mb
Flavors: r-devel-linux-x86_64-debian-gcc, r-devel-linux-x86_64-fedora-clang, r-devel-linux-x86_64-fedora-gcc, r-patched-linux-x86_64, r-release-linux-x86_64, r-release-osx-x86_64-mavericks