CRAN Package Check Results for Package SDaA

Last updated on 2016-03-07 23:47:38.

Flavor Version Tinstall Tcheck Ttotal Status Flags
r-devel-linux-x86_64-debian-gcc 0.1-3 0.85 13.17 14.02 NOTE
r-devel-linux-x86_64-fedora-clang 0.1-3 23.85 NOTE
r-devel-linux-x86_64-fedora-gcc 0.1-3 22.43 NOTE
r-devel-osx-x86_64-clang 0.1-3 29.31 NOTE
r-devel-windows-ix86+x86_64 0.1-3 10.00 36.00 46.00 NOTE
r-patched-linux-x86_64 0.1-3 1.00 14.95 15.95 OK
r-patched-solaris-sparc 0.1-3 162.80 OK
r-patched-solaris-x86 0.1-3 40.40 OK
r-release-linux-x86_64 0.1-3 0.97 15.18 16.15 OK
r-release-osx-x86_64-mavericks 0.1-3 OK
r-release-windows-ix86+x86_64 0.1-3 10.00 51.00 61.00 OK
r-oldrel-windows-ix86+x86_64 0.1-3 9.00 76.00 85.00 OK

Check Details

Version: 0.1-3
Check: R code for possible problems
Result: NOTE
    lahiri.design: no visible global function definition for ‘runif’
    Undefined global functions or variables:
     runif
    Consider adding
     importFrom("stats", "runif")
    to your NAMESPACE file.
Flavors: r-devel-linux-x86_64-debian-gcc, r-devel-linux-x86_64-fedora-clang, r-devel-linux-x86_64-fedora-gcc, r-devel-osx-x86_64-clang, r-devel-windows-ix86+x86_64