Last updated on 2016-03-07 23:47:40.
Flavor | Version | Tinstall | Tcheck | Ttotal | Status | Flags |
---|---|---|---|---|---|---|
r-devel-linux-x86_64-debian-gcc | 0.1.1 | 6.39 | 73.17 | 79.56 | OK | |
r-devel-linux-x86_64-fedora-clang | 0.1.1 | 169.08 | OK | |||
r-devel-linux-x86_64-fedora-gcc | 0.1.1 | 155.76 | OK | |||
r-devel-osx-x86_64-clang | 0.1.1 | 170.92 | OK | |||
r-devel-windows-ix86+x86_64 | 0.1.1 | 23.00 | 164.00 | 187.00 | OK | |
r-patched-linux-x86_64 | 0.1.1 | 7.36 | 82.57 | 89.94 | OK | |
r-patched-solaris-sparc | 0.1.1 | 979.70 | OK | |||
r-patched-solaris-x86 | 0.1.1 | 225.10 | OK | |||
r-release-linux-x86_64 | 0.1.1 | 6.99 | 79.98 | 86.97 | OK | |
r-release-osx-x86_64-mavericks | 0.1.1 | ERROR | ||||
r-release-windows-ix86+x86_64 | 0.1.1 | 27.00 | 190.00 | 217.00 | OK |
Version: 0.1.1
Check: package dependencies
Result: ERROR
Packages required and available but unsuitable versions: ‘sp’ ‘raster’
See section ‘The DESCRIPTION file’ in the ‘Writing R Extensions’
manual.
Flavor: r-release-osx-x86_64-mavericks