Last updated on 2016-03-07 23:47:39.
Flavor | Version | Tinstall | Tcheck | Ttotal | Status | Flags |
---|---|---|---|---|---|---|
r-devel-linux-x86_64-debian-gcc | 0.8.2 | 0.60 | 25.01 | 25.61 | NOTE | |
r-devel-linux-x86_64-fedora-clang | 0.8.2 | 49.23 | NOTE | |||
r-devel-linux-x86_64-fedora-gcc | 0.8.2 | 45.77 | NOTE | |||
r-devel-osx-x86_64-clang | 0.8.2 | 52.80 | NOTE | |||
r-devel-windows-ix86+x86_64 | 0.8.2 | 5.00 | 58.00 | 63.00 | NOTE | |
r-patched-linux-x86_64 | 0.8.2 | 0.78 | 37.13 | 37.91 | NOTE | |
r-patched-solaris-sparc | 0.8.2 | 551.10 | NOTE | |||
r-patched-solaris-x86 | 0.8.2 | 88.90 | NOTE | |||
r-release-linux-x86_64 | 0.8.2 | 0.66 | 38.02 | 38.68 | NOTE | |
r-release-osx-x86_64-mavericks | 0.8.2 | NOTE | ||||
r-release-windows-ix86+x86_64 | 0.8.2 | 6.00 | 88.00 | 94.00 | NOTE | |
r-oldrel-windows-ix86+x86_64 | 0.8.2 | 6.00 | 148.00 | 154.00 | OK |
Version: 0.8.2
Check: DESCRIPTION meta-information
Result: NOTE
Malformed Description field: should contain one or more complete sentences.
Flavors: r-devel-linux-x86_64-debian-gcc, r-devel-linux-x86_64-fedora-clang, r-devel-linux-x86_64-fedora-gcc, r-devel-osx-x86_64-clang, r-devel-windows-ix86+x86_64, r-patched-linux-x86_64, r-patched-solaris-sparc, r-patched-solaris-x86, r-release-linux-x86_64, r-release-osx-x86_64-mavericks, r-release-windows-ix86+x86_64