CRAN Package Check Results for Package Tides

Last updated on 2016-03-07 23:47:41.

Flavor Version Tinstall Tcheck Ttotal Status Flags
r-devel-linux-x86_64-debian-gcc 1.1 0.70 14.14 14.83 NOTE
r-devel-linux-x86_64-fedora-clang 1.1 24.85 NOTE
r-devel-linux-x86_64-fedora-gcc 1.1 23.45 NOTE
r-devel-osx-x86_64-clang 1.1 42.09 NOTE
r-devel-windows-ix86+x86_64 1.1 5.00 45.00 50.00 NOTE
r-patched-linux-x86_64 1.1 0.78 15.38 16.16 OK
r-patched-solaris-sparc 1.1 168.90 OK
r-patched-solaris-x86 1.1 41.10 OK
r-release-linux-x86_64 1.1 0.80 15.15 15.95 OK
r-release-osx-x86_64-mavericks 1.1 OK
r-release-windows-ix86+x86_64 1.1 3.00 26.00 29.00 OK
r-oldrel-windows-ix86+x86_64 1.1 5.00 29.00 34.00 OK

Check Details

Version: 1.1
Check: R code for possible problems
Result: NOTE
    extrema: no visible global function definition for ‘filter’
    extrema: no visible global function definition for ‘approx’
    plot.Tides: no visible global function definition for ‘plot’
    plot.Tides: no visible global function definition for ‘lines’
    plot.Tides: no visible global function definition for ‘points’
    Undefined global functions or variables:
     approx filter lines plot points
    Consider adding
     importFrom("graphics", "lines", "plot", "points")
     importFrom("stats", "approx", "filter")
    to your NAMESPACE file.
Flavors: r-devel-linux-x86_64-debian-gcc, r-devel-linux-x86_64-fedora-clang, r-devel-linux-x86_64-fedora-gcc, r-devel-osx-x86_64-clang, r-devel-windows-ix86+x86_64