CRAN Package Check Results for Package V8

Last updated on 2016-03-07 23:47:42.

Flavor Version Tinstall Tcheck Ttotal Status Flags
r-devel-linux-x86_64-debian-gcc 1.0.0 8.63 15.40 24.03 OK
r-devel-linux-x86_64-fedora-clang 1.0.0 46.26 OK
r-devel-linux-x86_64-fedora-gcc 1.0.0 44.37 OK
r-devel-osx-x86_64-clang 1.0.0 25.89 OK
r-devel-windows-ix86+x86_64 1.0.0 93.00 126.00 219.00 NOTE
r-patched-linux-x86_64 1.0.0 8.81 17.54 26.34 OK
r-patched-solaris-x86 1.0.0 53.00 OK
r-release-linux-x86_64 1.0.0 8.68 18.03 26.71 OK
r-release-osx-x86_64-mavericks 1.0.0 NOTE
r-release-windows-ix86+x86_64 1.0.0 91.00 143.00 234.00 NOTE
r-oldrel-windows-ix86+x86_64 1.0.0 83.00 158.00 241.00 NOTE

Check Details

Version: 1.0.0
Check: installed package size
Result: NOTE
     installed size is 14.1Mb
     sub-directories of 1Mb or more:
     libs 13.4Mb
Flavors: r-devel-windows-ix86+x86_64, r-release-osx-x86_64-mavericks, r-release-windows-ix86+x86_64, r-oldrel-windows-ix86+x86_64