Last updated on 2016-03-07 23:47:42.
Flavor | Version | Tinstall | Tcheck | Ttotal | Status | Flags |
---|---|---|---|---|---|---|
r-devel-linux-x86_64-debian-gcc | 0.5.1 | 0.71 | 22.34 | 23.04 | NOTE | |
r-devel-linux-x86_64-fedora-clang | 0.5.1 | 38.12 | NOTE | |||
r-devel-linux-x86_64-fedora-gcc | 0.5.1 | 36.17 | NOTE | |||
r-devel-osx-x86_64-clang | 0.5.1 | 35.69 | NOTE | |||
r-devel-windows-ix86+x86_64 | 0.5.1 | 6.00 | 49.00 | 55.00 | NOTE | |
r-patched-linux-x86_64 | 0.5.1 | 0.70 | 23.07 | 23.77 | NOTE | |
r-patched-solaris-sparc | 0.5.1 | 208.30 | NOTE | |||
r-patched-solaris-x86 | 0.5.1 | 46.00 | NOTE | |||
r-release-linux-x86_64 | 0.5.1 | 0.68 | 22.96 | 23.64 | NOTE | |
r-release-osx-x86_64-mavericks | 0.5.1 | NOTE | ||||
r-release-windows-ix86+x86_64 | 0.5.1 | 6.00 | 53.00 | 59.00 | NOTE | |
r-oldrel-windows-ix86+x86_64 | 0.5.1 | 5.00 | 79.00 | 84.00 | NOTE |
Version: 0.5.1
Check: DESCRIPTION meta-information
Result: NOTE
Malformed Description field: should contain one or more complete sentences.
Flavors: r-devel-linux-x86_64-debian-gcc, r-devel-linux-x86_64-fedora-clang, r-devel-linux-x86_64-fedora-gcc, r-devel-osx-x86_64-clang, r-devel-windows-ix86+x86_64, r-patched-linux-x86_64, r-patched-solaris-sparc, r-patched-solaris-x86, r-release-linux-x86_64, r-release-osx-x86_64-mavericks, r-release-windows-ix86+x86_64
Version: 0.5.1
Check: dependencies in R code
Result: NOTE
'library' or 'require' call to ‘raster’ in package code.
Please use :: or requireNamespace() instead.
See section 'Suggested packages' in the 'Writing R Extensions' manual.
Flavors: r-devel-linux-x86_64-debian-gcc, r-devel-linux-x86_64-fedora-clang, r-devel-linux-x86_64-fedora-gcc, r-devel-osx-x86_64-clang, r-devel-windows-ix86+x86_64, r-patched-linux-x86_64, r-patched-solaris-sparc, r-patched-solaris-x86, r-release-linux-x86_64, r-release-osx-x86_64-mavericks, r-release-windows-ix86+x86_64, r-oldrel-windows-ix86+x86_64
Version: 0.5.1
Check: R code for possible problems
Result: NOTE
level: no visible global function definition for ‘quantile’
obj.rec: no visible global function definition for ‘txtProgressBar’
obj.rec: no visible global function definition for ‘setTxtProgressBar’
project: no visible global function definition for ‘aggregate’
raster.proj: no visible global function definition for ‘quantile’
raster.proj: no visible global function definition for ‘rasterFromXYZ’
raster.proj: no visible global function definition for ‘plot.new’
raster.proj: no visible global function definition for ‘plot’
raster.proj: no visible global function definition for ‘legend’
sub.obj: no visible global function definition for ‘aggregate’
sub.obj: no visible global function definition for ‘txtProgressBar’
sub.obj: no visible global function definition for ‘setTxtProgressBar’
surface: no visible global function definition for ‘quantile’
Undefined global functions or variables:
aggregate legend plot plot.new quantile rasterFromXYZ
setTxtProgressBar txtProgressBar
Consider adding
importFrom("graphics", "legend", "plot", "plot.new")
importFrom("stats", "aggregate", "quantile")
importFrom("utils", "setTxtProgressBar", "txtProgressBar")
to your NAMESPACE file.
Flavors: r-devel-linux-x86_64-debian-gcc, r-devel-linux-x86_64-fedora-clang, r-devel-linux-x86_64-fedora-gcc, r-devel-osx-x86_64-clang, r-devel-windows-ix86+x86_64
Version: 0.5.1
Check: R code for possible problems
Result: NOTE
raster.proj: no visible global function definition for ‘rasterFromXYZ’
Flavors: r-patched-linux-x86_64, r-patched-solaris-sparc, r-patched-solaris-x86, r-release-linux-x86_64, r-release-osx-x86_64-mavericks, r-release-windows-ix86+x86_64, r-oldrel-windows-ix86+x86_64