Last updated on 2016-03-07 23:47:43.
Flavor | Version | Tinstall | Tcheck | Ttotal | Status | Flags |
---|---|---|---|---|---|---|
r-devel-linux-x86_64-debian-gcc | 1.49 | 10.84 | 140.22 | 151.06 | OK | |
r-devel-linux-x86_64-fedora-clang | 1.49 | 283.13 | OK | |||
r-devel-linux-x86_64-fedora-gcc | 1.49 | 264.32 | OK | |||
r-devel-osx-x86_64-clang | 1.49 | 292.51 | OK | |||
r-devel-windows-ix86+x86_64 | 1.49 | 60.00 | 268.00 | 328.00 | OK | |
r-patched-linux-x86_64 | 1.49 | 12.09 | 151.10 | 163.19 | OK | |
r-patched-solaris-sparc | 1.49 | 1662.30 | OK | |||
r-patched-solaris-x86 | 1.49 | 353.30 | OK | |||
r-release-linux-x86_64 | 1.49 | 11.89 | 140.13 | 152.02 | OK | |
r-release-osx-x86_64-mavericks | 1.49 | NOTE | ||||
r-release-windows-ix86+x86_64 | 1.49 | 54.00 | 374.00 | 428.00 | OK | |
r-oldrel-windows-ix86+x86_64 | 1.49 | 73.00 | 830.00 | 903.00 | OK |
Version: 1.49
Check: package dependencies
Result: NOTE
Packages suggested but not available for checking:
‘org.Hs.eg.db’ ‘org.Mm.eg.db’ ‘minet’
Flavor: r-release-osx-x86_64-mavericks