CRAN Package Check Results for Package WRS2

Last updated on 2016-03-07 23:47:43.

Flavor Version Tinstall Tcheck Ttotal Status Flags
r-devel-linux-x86_64-debian-gcc 0.4-0 4.80 53.19 58.00 OK
r-devel-linux-x86_64-fedora-clang 0.4-0 118.21 OK
r-devel-linux-x86_64-fedora-gcc 0.4-0 109.01 OK
r-devel-osx-x86_64-clang 0.4-0 121.42 OK
r-devel-windows-ix86+x86_64 0.4-0 17.00 140.00 157.00 OK
r-patched-linux-x86_64 0.4-0 5.11 56.87 61.98 OK
r-patched-solaris-sparc 0.4-0 761.60 OK
r-patched-solaris-x86 0.4-0 136.50 OK
r-release-linux-x86_64 0.4-0 6.98 56.29 63.26 OK
r-release-osx-x86_64-mavericks 0.4-0 NOTE
r-release-windows-ix86+x86_64 0.4-0 21.00 182.00 203.00 OK
r-oldrel-windows-ix86+x86_64 0.4-0 22.00 202.00 224.00 NOTE

Check Details

Version: 0.4-0
Check: re-building of vignette outputs
Result: NOTE
    Error in re-building vignettes:
     ...
    Loading required package: ez
    Warning: Converting "id" to factor for ANOVA.
    Error in texi2dvi(file = file, pdf = TRUE, clean = clean, quiet = quiet, :
     Running 'texi2dvi' on 'WRS2.tex' failed.
    LaTeX errors:
    ! Undefined control sequence.
    l.15 x<9c><ed>\<cf>
     o^^S<c9>^^R<ae>^^]<83><96><91><82>'<ad>HK6(<b1><d5><d2>^^J
    The control sequence at the end of the top line
    of your error message was never \def'ed. If you have
    ! Undefined control sequence.
    l.17 "<cf><f3>\<d7>
     <cd>T<e6>C^^Y^^L<f5>^^N-C^^N-C<ae>^6<b4><f4><96>{<f7><ee> !\<d7>M<92><e4><d5><ab>W^^@^^U<df><f7><b7><b6><b6><be><ff><fe>{)e<9f><fd><dc><be>}^^[<ab>...
    The control sequence at the end of the top line
    of your error message was never \def'ed. If you have
    ! Undefined control sequence.
    l.17 "<cf><f3>\<d7><cd>T<e6>C^^Y^^L<f5>^^N-C^^N-C<ae>^6<b4><f4><96>{<f7><ee> !\<d7>
     M<92><e4><d5><ab>W^^@^^U<df><f7><b7><b6><b6><be><ff><fe>{)e<9f><fd><dc><be>}^^[<ab>...
    The control sequence at the end of the top line
    of your error message was never \def'ed. If you have
    ! Undefined control sequence.
    l.18 <b5>Zmzz:I<92>8<8e><b9>-<9a><cf><cd><cd>q<ff>\<82>
    
    Calls: buildVignettes -> texi2pdf -> texi2dvi
    Execution halted
Flavor: r-release-osx-x86_64-mavericks

Version: 0.4-0
Check: DESCRIPTION meta-information
Result: NOTE
    Authors@R field gives persons with no valid roles:
     Felix Schoenbrodt <felix@nicebread.de> [ctr]
Flavor: r-oldrel-windows-ix86+x86_64