Last updated on 2016-03-07 23:47:15.
Flavor | Version | Tinstall | Tcheck | Ttotal | Status | Flags |
---|---|---|---|---|---|---|
r-devel-linux-x86_64-debian-gcc | 1.1 | 1.98 | 30.57 | 32.55 | OK | |
r-devel-linux-x86_64-fedora-clang | 1.1 | 61.37 | OK | |||
r-devel-linux-x86_64-fedora-gcc | 1.1 | 58.33 | OK | |||
r-devel-osx-x86_64-clang | 1.1 | 67.01 | OK | |||
r-devel-windows-ix86+x86_64 | 1.1 | 16.00 | 59.00 | 75.00 | OK | |
r-patched-linux-x86_64 | 1.1 | 2.35 | 33.88 | 36.23 | OK | |
r-patched-solaris-sparc | 1.1 | 380.10 | OK | |||
r-patched-solaris-x86 | 1.1 | 90.10 | OK | |||
r-release-linux-x86_64 | 1.1 | 2.14 | 33.84 | 35.98 | WARN | |
r-release-osx-x86_64-mavericks | 1.1 | OK | ||||
r-release-windows-ix86+x86_64 | 1.1 | 13.00 | 87.00 | 100.00 | OK | |
r-oldrel-windows-ix86+x86_64 | 1.1 | 22.00 | 315.00 | 337.00 | WARN |
Version: 1.1
Check: whether package can be installed
Result: WARN
Found the following significant warnings:
Warning: replacing previous import by ‘graphics::lines’ when loading ‘acid’
Warning: replacing previous import by ‘graphics::plot’ when loading ‘acid’
Warning: replacing previous import by ‘stats::cov.wt’ when loading ‘acid’
Warning: replacing previous import by ‘stats::sd’ when loading ‘acid’
Warning: replacing previous import by ‘stats::weighted.mean’ when loading ‘acid’
Flavors: r-release-linux-x86_64, r-oldrel-windows-ix86+x86_64