CRAN Package Check Results for Package additivityTests

Last updated on 2016-03-07 23:47:15.

Flavor Version Tinstall Tcheck Ttotal Status Flags
r-devel-linux-x86_64-debian-gcc 1.1-4 0.56 15.89 16.45 NOTE
r-devel-linux-x86_64-fedora-clang 1.1-4 30.11 NOTE
r-devel-linux-x86_64-fedora-gcc 1.1-4 28.27 NOTE
r-devel-osx-x86_64-clang 1.1-4 32.61 NOTE
r-devel-windows-ix86+x86_64 1.1-4 6.00 37.00 43.00 NOTE
r-patched-linux-x86_64 1.1-4 0.65 16.43 17.08 OK
r-patched-solaris-sparc 1.1-4 193.50 OK
r-patched-solaris-x86 1.1-4 43.00 OK
r-release-linux-x86_64 1.1-4 0.75 16.19 16.95 OK
r-release-osx-x86_64-mavericks 1.1-4 OK
r-release-windows-ix86+x86_64 1.1-4 5.00 43.00 48.00 OK
r-oldrel-windows-ix86+x86_64 1.1-4 5.00 49.00 54.00 OK

Check Details

Version: 1.1-4
Check: R code for possible problems
Result: NOTE
    critical.values: no visible global function definition for ‘rnorm’
    critical.values: no visible global function definition for ‘quantile’
    mandel.test: no visible global function definition for ‘qf’
    mtukey.test : p.test: no visible global function definition for ‘qf’
    mtukey.test: no visible binding for global variable ‘quantile’
    mtukey.test: no visible global function definition for ‘rnorm’
    tukey.test: no visible global function definition for ‘qf’
    Undefined global functions or variables:
     qf quantile rnorm
    Consider adding
     importFrom("stats", "qf", "quantile", "rnorm")
    to your NAMESPACE file.
Flavors: r-devel-linux-x86_64-debian-gcc, r-devel-linux-x86_64-fedora-clang, r-devel-linux-x86_64-fedora-gcc, r-devel-osx-x86_64-clang, r-devel-windows-ix86+x86_64