Last updated on 2016-03-07 23:47:15.
Flavor | Version | Tinstall | Tcheck | Ttotal | Status | Flags |
---|---|---|---|---|---|---|
r-devel-linux-x86_64-debian-gcc | 1.7-4 | 9.37 | 147.51 | 156.88 | NOTE | |
r-devel-linux-x86_64-fedora-clang | 1.7-4 | 283.72 | NOTE | |||
r-devel-linux-x86_64-fedora-gcc | 1.7-4 | 258.17 | NOTE | |||
r-devel-osx-x86_64-clang | 1.7-4 | 295.81 | NOTE | |||
r-devel-windows-ix86+x86_64 | 1.7-4 | 63.00 | 371.00 | 434.00 | NOTE | |
r-patched-linux-x86_64 | 1.7-4 | 9.87 | 143.10 | 152.97 | NOTE | |
r-patched-solaris-sparc | 1.7-4 | 1700.20 | NOTE | |||
r-patched-solaris-x86 | 1.7-4 | 297.60 | NOTE | |||
r-release-linux-x86_64 | 1.7-4 | 9.99 | 145.02 | 155.00 | NOTE | |
r-release-osx-x86_64-mavericks | 1.7-4 | NOTE | ||||
r-release-windows-ix86+x86_64 | 1.7-4 | 64.00 | 383.00 | 447.00 | NOTE | |
r-oldrel-windows-ix86+x86_64 | 1.7-4 | 46.00 | 461.00 | 507.00 | NOTE |
Version: 1.7-4
Check: installed package size
Result: NOTE
installed size is 6.6Mb
sub-directories of 1Mb or more:
data 2.8Mb
pictures 2.1Mb
Flavors: r-devel-linux-x86_64-debian-gcc, r-devel-linux-x86_64-fedora-clang, r-devel-linux-x86_64-fedora-gcc, r-devel-osx-x86_64-clang, r-devel-windows-ix86+x86_64, r-patched-linux-x86_64, r-patched-solaris-sparc, r-patched-solaris-x86, r-release-linux-x86_64, r-release-osx-x86_64-mavericks, r-release-windows-ix86+x86_64, r-oldrel-windows-ix86+x86_64