CRAN Package Check Results for Package adehabitat

Last updated on 2016-03-07 23:47:15.

Flavor Version Tinstall Tcheck Ttotal Status Flags
r-devel-linux-x86_64-debian-gcc 1.8.18 9.35 90.96 100.31 OK
r-devel-linux-x86_64-fedora-clang 1.8.18 176.66 OK
r-devel-linux-x86_64-fedora-gcc 1.8.18 159.71 OK
r-devel-osx-x86_64-clang 1.8.18 174.24 OK
r-devel-windows-ix86+x86_64 1.8.18 32.00 201.00 233.00 OK
r-patched-linux-x86_64 1.8.18 10.49 95.23 105.72 OK
r-patched-solaris-sparc 1.8.18 1034.60 OK
r-patched-solaris-x86 1.8.18 227.80 OK
r-release-linux-x86_64 1.8.18 10.13 94.07 104.20 OK
r-release-osx-x86_64-mavericks 1.8.18 ERROR
r-release-windows-ix86+x86_64 1.8.18 42.00 176.00 218.00 OK
r-oldrel-windows-ix86+x86_64 1.8.18 36.00 190.00 226.00 OK

Check Details

Version: 1.8.18
Check: whether package can be installed
Result: ERROR
    Installation failed.
Flavor: r-release-osx-x86_64-mavericks