Last updated on 2016-03-07 23:47:15.
Flavor | Version | Tinstall | Tcheck | Ttotal | Status | Flags |
---|---|---|---|---|---|---|
r-devel-linux-x86_64-debian-gcc | 0.3.20 | 4.70 | 70.17 | 74.86 | OK | |
r-devel-linux-x86_64-fedora-clang | 0.3.20 | 128.52 | OK | |||
r-devel-linux-x86_64-fedora-gcc | 0.3.20 | 134.23 | OK | |||
r-devel-osx-x86_64-clang | 0.3.20 | 148.38 | OK | |||
r-devel-windows-ix86+x86_64 | 0.3.20 | 22.00 | 153.00 | 175.00 | OK | |
r-patched-linux-x86_64 | 0.3.20 | 5.07 | 100.77 | 105.84 | OK | |
r-patched-solaris-sparc | 0.3.20 | 408.30 | OK | --no-examples --no-vignettes | ||
r-patched-solaris-x86 | 0.3.20 | 306.90 | OK | |||
r-release-linux-x86_64 | 0.3.20 | 5.00 | 98.40 | 103.40 | OK | |
r-release-osx-x86_64-mavericks | 0.3.20 | NOTE | ||||
r-release-windows-ix86+x86_64 | 0.3.20 | 27.00 | 166.00 | 193.00 | OK | |
r-oldrel-windows-ix86+x86_64 | 0.3.20 | 23.00 | 177.00 | 200.00 | OK |
Version: 0.3.20
Check: dependencies in R code
Result: NOTE
alloc: invalid block: 0x10939a3a8: 0 0
Flavor: r-release-osx-x86_64-mavericks