CRAN Package Check Results for Package aml

Last updated on 2016-03-07 23:47:16.

Flavor Version Tinstall Tcheck Ttotal Status Flags
r-devel-linux-x86_64-debian-gcc 0.1-1 0.66 28.18 28.84 NOTE
r-devel-linux-x86_64-fedora-clang 0.1-1 53.64 NOTE
r-devel-linux-x86_64-fedora-gcc 0.1-1 51.06 NOTE
r-devel-osx-x86_64-clang 0.1-1 53.07 NOTE
r-devel-windows-ix86+x86_64 0.1-1 6.00 56.00 62.00 NOTE
r-patched-linux-x86_64 0.1-1 0.70 30.71 31.41 OK
r-patched-solaris-sparc 0.1-1 453.00 OK
r-patched-solaris-x86 0.1-1 67.20 OK
r-release-linux-x86_64 0.1-1 0.68 30.59 31.27 OK
r-release-osx-x86_64-mavericks 0.1-1 OK
r-release-windows-ix86+x86_64 0.1-1 6.00 54.00 60.00 OK
r-oldrel-windows-ix86+x86_64 0.1-1 5.00 66.00 71.00 OK

Check Details

Version: 0.1-1
Check: R code for possible problems
Result: NOTE
    amltest: no visible global function definition for ‘var’
    amltest: no visible global function definition for ‘optim’
    amltest: no visible global function definition for ‘lm’
    cleanclust: no visible global function definition for ‘cor’
    cleanclust: no visible global function definition for ‘hclust’
    cleanclust: no visible global function definition for ‘as.dist’
    cleanclust: no visible global function definition for ‘cutree’
    Undefined global functions or variables:
     as.dist cor cutree hclust lm optim var
    Consider adding
     importFrom("stats", "as.dist", "cor", "cutree", "hclust", "lm",
     "optim", "var")
    to your NAMESPACE file.
Flavors: r-devel-linux-x86_64-debian-gcc, r-devel-linux-x86_64-fedora-clang, r-devel-linux-x86_64-fedora-gcc, r-devel-osx-x86_64-clang, r-devel-windows-ix86+x86_64