Last updated on 2016-03-07 23:47:17.
Flavor | Version | Tinstall | Tcheck | Ttotal | Status | Flags |
---|---|---|---|---|---|---|
r-devel-linux-x86_64-debian-gcc | 3.3-7 | 5.06 | 93.18 | 98.24 | OK | |
r-devel-linux-x86_64-fedora-clang | 3.3-7 | 194.76 | OK | |||
r-devel-linux-x86_64-fedora-gcc | 3.3-7 | 183.26 | OK | |||
r-devel-osx-x86_64-clang | 3.3-7 | 200.67 | OK | |||
r-devel-windows-ix86+x86_64 | 3.3-7 | 20.00 | 186.00 | 206.00 | OK | |
r-patched-linux-x86_64 | 3.3-7 | 6.00 | 99.69 | 105.69 | OK | |
r-patched-solaris-sparc | 3.3-7 | 1159.40 | OK | |||
r-patched-solaris-x86 | 3.3-7 | 223.00 | OK | |||
r-release-linux-x86_64 | 3.3-7 | 5.63 | 101.42 | 107.05 | OK | |
r-release-osx-x86_64-mavericks | 3.3-7 | OK | ||||
r-release-windows-ix86+x86_64 | 3.3-7 | 27.00 | 217.00 | 244.00 | OK | |
r-oldrel-windows-ix86+x86_64 | 3.1-64 | 32.00 | 210.00 | 242.00 | WARN |
Version: 3.1-64
Check: whether package can be installed
Result: WARN
Found the following significant warnings:
Warning: replacing previous import by 'randomForest::margin' when loading 'biomod2'
Flavor: r-oldrel-windows-ix86+x86_64
Version: 3.1-64
Check: dependencies in R code
Result: NOTE
'library' or 'require' calls in package code:
'gam' 'mgcv'
Please use :: or requireNamespace() instead.
See section 'Suggested packages' in the 'Writing R Extensions' manual.
Flavor: r-oldrel-windows-ix86+x86_64
Version: 3.1-64
Check: R code for possible problems
Result: NOTE
.transform.outputs,list : .local: missing arguments not allowed in
calls to 'c'
Projection,ANY-ANY-data.frame : .local: no visible binding for global
variable 'kept.models.name'
Projection,ANY-ANY-data.frame : .local: no visible binding for global
variable 'scaled.models'
Projection,ANY-ANY-data.frame : .local: no visible binding for global
variable 'models.options'
Projection,ANY-ANY-data.frame : .local : <anonymous> : <anonymous>: no
visible binding for global variable 'models.evaluation'
getModelsPredictionEval,BIOMOD.models.out : .local: no visible binding
for global variable 'models.prediction.eval'
getProjection,BIOMOD.projection.out : .local: no visible binding for
global variable 'bm_proj'
Flavor: r-oldrel-windows-ix86+x86_64