Last updated on 2016-03-07 23:47:17.
Flavor | Version | Tinstall | Tcheck | Ttotal | Status | Flags |
---|---|---|---|---|---|---|
r-devel-linux-x86_64-debian-gcc | 1.1-12 | 2.69 | 16.33 | 19.03 | NOTE | |
r-devel-linux-x86_64-fedora-clang | 1.1-12 | 34.25 | NOTE | |||
r-devel-linux-x86_64-fedora-gcc | 1.1-12 | 30.92 | NOTE | |||
r-devel-osx-x86_64-clang | 1.1-12 | 37.94 | NOTE | |||
r-devel-windows-ix86+x86_64 | 1.1-12 | 16.00 | 42.00 | 58.00 | OK | |
r-patched-linux-x86_64 | 1.1-12 | 2.95 | 17.69 | 20.64 | NOTE | |
r-patched-solaris-sparc | 1.1-12 | 208.20 | NOTE | |||
r-patched-solaris-x86 | 1.1-12 | 48.60 | NOTE | |||
r-release-linux-x86_64 | 1.1-12 | 2.87 | 17.80 | 20.67 | NOTE | |
r-release-osx-x86_64-mavericks | 1.1-12 | OK | ||||
r-release-windows-ix86+x86_64 | 1.1-12 | 12.00 | 35.00 | 47.00 | OK | |
r-oldrel-windows-ix86+x86_64 | 1.1-12 | 16.00 | 33.00 | 49.00 | OK |
Version: 1.1-12
Check: S3 generic/method consistency
Result: NOTE
Found the following apparent S3 methods exported but not registered:
rev.rlepack unique.rlepack xor.default
See section ‘Registering S3 methods’ in the ‘Writing R Extensions’
manual.
Flavors: r-devel-linux-x86_64-debian-gcc, r-devel-linux-x86_64-fedora-clang, r-devel-linux-x86_64-fedora-gcc, r-devel-osx-x86_64-clang, r-patched-linux-x86_64, r-patched-solaris-sparc, r-patched-solaris-x86, r-release-linux-x86_64