CRAN Package Check Results for Package boottol

Last updated on 2016-03-07 23:47:18.

Flavor Version Tinstall Tcheck Ttotal Status Flags
r-devel-linux-x86_64-debian-gcc 2.0 0.75 14.16 14.91 NOTE
r-devel-linux-x86_64-fedora-clang 2.0 27.41 NOTE
r-devel-linux-x86_64-fedora-gcc 2.0 25.44 NOTE
r-devel-osx-x86_64-clang 2.0 29.92 NOTE
r-devel-windows-ix86+x86_64 2.0 5.00 34.00 39.00 NOTE
r-patched-linux-x86_64 2.0 0.87 15.42 16.29 OK
r-patched-solaris-sparc 2.0 178.50 OK
r-patched-solaris-x86 2.0 37.50 OK
r-release-linux-x86_64 2.0 0.88 15.39 16.27 OK
r-release-osx-x86_64-mavericks 2.0 OK
r-release-windows-ix86+x86_64 2.0 8.00 29.00 37.00 OK
r-oldrel-windows-ix86+x86_64 2.0 7.00 37.00 44.00 OK

Check Details

Version: 2.0
Check: R code for possible problems
Result: NOTE
    boottol: no visible global function definition for ‘setNames’
    boottol : shift: no visible global function definition for ‘tail’
    boottol : shift: no visible global function definition for ‘head’
    boottol: no visible global function definition for ‘na.omit’
    vastol: no visible global function definition for ‘setNames’
    vastol: no visible global function definition for ‘na.omit’
    Undefined global functions or variables:
     head na.omit setNames tail
    Consider adding
     importFrom("stats", "na.omit", "setNames")
     importFrom("utils", "head", "tail")
    to your NAMESPACE file.
Flavors: r-devel-linux-x86_64-debian-gcc, r-devel-linux-x86_64-fedora-clang, r-devel-linux-x86_64-fedora-gcc, r-devel-osx-x86_64-clang, r-devel-windows-ix86+x86_64