CRAN Package Check Results for Package brainGraph

Last updated on 2016-03-07 23:47:18.

Flavor Version Tinstall Tcheck Ttotal Status Flags
r-devel-linux-x86_64-debian-gcc 0.55.0 3.58 46.80 50.38 OK
r-devel-linux-x86_64-fedora-clang 0.55.0 98.44 OK
r-devel-linux-x86_64-fedora-gcc 0.55.0 95.70 OK
r-devel-osx-x86_64-clang 0.55.0 104.99 OK
r-devel-windows-ix86+x86_64 0.55.0 15.00 109.00 124.00 OK
r-patched-linux-x86_64 0.55.0 4.23 52.95 57.18 OK
r-patched-solaris-sparc 0.55.0 655.50 OK
r-patched-solaris-x86 0.55.0 147.00 OK
r-release-linux-x86_64 0.55.0 4.21 53.40 57.61 OK
r-release-osx-x86_64-mavericks 0.55.0 OK
r-release-windows-ix86+x86_64 0.55.0 19.00 140.00 159.00 OK
r-oldrel-windows-ix86+x86_64 0.55.0 37.00 220.00 257.00 NOTE

Check Details

Version: 0.55.0
Check: R code for possible problems
Result: NOTE
    dti_create_mats: no visible global function definition for 'lengths'
    small.world: no visible global function definition for 'lengths'
Flavor: r-oldrel-windows-ix86+x86_64